{"id":1069,"date":"2025-09-19T13:13:55","date_gmt":"2025-09-19T13:13:55","guid":{"rendered":"https:\/\/help.classymade.de\/?page_id=1069"},"modified":"2025-09-24T11:33:55","modified_gmt":"2025-09-24T11:33:55","slug":"anleitung-ihr-konto-einrichten","status":"publish","type":"page","link":"https:\/\/help.classymade.de\/?page_id=1069","title":{"rendered":"Kontoeinstellungen"},"content":{"rendered":"\t\t<div data-elementor-type=\"wp-page\" data-elementor-id=\"1069\" class=\"elementor elementor-1069\" data-elementor-post-type=\"page\">\n\t\t\t\t<div class=\"elementor-element elementor-element-3ee44cf e-flex e-con-boxed e-con e-parent\" data-id=\"3ee44cf\" data-element_type=\"container\" data-e-type=\"container\">\n\t\t\t\t\t<div class=\"e-con-inner\">\n\t\t\t\t<div class=\"elementor-element elementor-element-8a399b1 elementor-widget-divider--view-line elementor-widget elementor-widget-divider\" data-id=\"8a399b1\" data-element_type=\"widget\" data-e-type=\"widget\" data-widget_type=\"divider.default\">\n\t\t\t\t<div class=\"elementor-widget-container\">\n\t\t\t\t\t\t\t<div class=\"elementor-divider\">\n\t\t\t<span class=\"elementor-divider-separator\">\n\t\t\t\t\t\t<\/span>\n\t\t<\/div>\n\t\t\t\t\t\t<\/div>\n\t\t\t\t<\/div>\n\t\t\t\t<div class=\"elementor-element elementor-element-213f4ae elementor-widget elementor-widget-text-editor\" data-id=\"213f4ae\" data-element_type=\"widget\" data-e-type=\"widget\" data-widget_type=\"text-editor.default\">\n\t\t\t\t<div class=\"elementor-widget-container\">\n\t\t\t\t\t\t\t\t\t<h5>Herzlichen Gl\u00fcckwunsch! Sie haben sich erfolgreich bei ClassyTime registriert. Nun sehen Sie eine Menge M\u00f6glichkeiten, die Software zu nutzen. Doch zuerst sollten Sie Ihr Unternehmen einrichten und Ihre pers\u00f6nlichen Einstellungen vornehmen.<\/h5><h5><strong>Hier zeigen wir Ihnen Schritt f\u00fcr Schritt, wie Sie dabei vorgehen.<\/strong><\/h5>\t\t\t\t\t\t\t\t<\/div>\n\t\t\t\t<\/div>\n\t\t\t\t\t<\/div>\n\t\t\t\t<\/div>\n\t\t<div class=\"elementor-element elementor-element-d225885 e-flex e-con-boxed e-con e-parent\" data-id=\"d225885\" data-element_type=\"container\" data-e-type=\"container\">\n\t\t\t\t\t<div class=\"e-con-inner\">\n\t\t\t\t<div class=\"elementor-element elementor-element-c7ca92b elementor-widget elementor-widget-text-editor\" data-id=\"c7ca92b\" data-element_type=\"widget\" data-e-type=\"widget\" data-widget_type=\"text-editor.default\">\n\t\t\t\t<div class=\"elementor-widget-container\">\n\t\t\t\t\t\t\t\t\t<p>Ganz oben finden Sie alle M\u00f6glichkeiten, Ihr Konto zu personalisieren und Einstellungen vorzunehmen.<\/p>\t\t\t\t\t\t\t\t<\/div>\n\t\t\t\t<\/div>\n\t\t\t\t\t<\/div>\n\t\t\t\t<\/div>\n\t\t<div class=\"elementor-element elementor-element-832148e e-flex e-con-boxed e-con e-parent\" data-id=\"832148e\" data-element_type=\"container\" data-e-type=\"container\">\n\t\t\t\t\t<div class=\"e-con-inner\">\n\t\t\t\t<div class=\"elementor-element elementor-element-aa2a03f elementor-widget elementor-widget-image\" data-id=\"aa2a03f\" data-element_type=\"widget\" data-e-type=\"widget\" data-widget_type=\"image.default\">\n\t\t\t\t<div class=\"elementor-widget-container\">\n\t\t\t\t\t\t\t\t\t\t\t\t\t\t\t<img fetchpriority=\"high\" decoding=\"async\" width=\"1024\" height=\"58\" src=\"https:\/\/help.classymade.de\/wp-content\/uploads\/2025\/09\/CT_Head-1024x58.png\" class=\"attachment-large size-large wp-image-1092\" alt=\"\" srcset=\"https:\/\/help.classymade.de\/wp-content\/uploads\/2025\/09\/CT_Head-1024x58.png 1024w, https:\/\/help.classymade.de\/wp-content\/uploads\/2025\/09\/CT_Head-300x17.png 300w, https:\/\/help.classymade.de\/wp-content\/uploads\/2025\/09\/CT_Head-768x43.png 768w, https:\/\/help.classymade.de\/wp-content\/uploads\/2025\/09\/CT_Head.png 1504w\" sizes=\"(max-width: 1024px) 100vw, 1024px\" \/>\t\t\t\t\t\t\t\t\t\t\t\t\t\t\t<\/div>\n\t\t\t\t<\/div>\n\t\t\t\t\t<\/div>\n\t\t\t\t<\/div>\n\t\t<div class=\"elementor-element elementor-element-e92a327 e-flex e-con-boxed e-con e-parent\" data-id=\"e92a327\" data-element_type=\"container\" data-e-type=\"container\">\n\t\t\t\t\t<div class=\"e-con-inner\">\n\t\t\t\t<div class=\"elementor-element elementor-element-ec62c1f elementor-widget elementor-widget-text-editor\" data-id=\"ec62c1f\" data-element_type=\"widget\" data-e-type=\"widget\" data-widget_type=\"text-editor.default\">\n\t\t\t\t<div class=\"elementor-widget-container\">\n\t\t\t\t\t\t\t\t\t<p><strong>1.<\/strong> Klicken Sie zun\u00e4chst auf <strong>&#8222;Konto&#8220;<\/strong>. Hier k\u00f6nnen Sie Ihre Benutzerdaten einsehen und bearbeiten. Sie k\u00f6nnen an dieser Stelle auch Ihren Namen eintragen, einen Spitznamen vergeben und eine Farbe ausw\u00e4hlen. Es ist hilfreich, f\u00fcr alle Mitarbeitenden unterschiedliche Farben auszuw\u00e4hlen, da so bspw. die Darstellung im Urlaubskalender \u00fcbersichtlicher ist.\u00a0<\/p><p>\u00a0<\/p><p>Haben Sie alle \u00c4nderungen vorgenommen, klicken Sie unten bitte auf speichern, damit diese \u00fcbernommen werden.\u00a0<\/p>\t\t\t\t\t\t\t\t<\/div>\n\t\t\t\t<\/div>\n\t\t\t\t\t<\/div>\n\t\t\t\t<\/div>\n\t\t<div class=\"elementor-element elementor-element-2ae030b e-flex e-con-boxed e-con e-parent\" data-id=\"2ae030b\" data-element_type=\"container\" data-e-type=\"container\">\n\t\t\t\t\t<div class=\"e-con-inner\">\n\t\t\t\t<div class=\"elementor-element elementor-element-68415ec elementor-widget elementor-widget-image\" data-id=\"68415ec\" data-element_type=\"widget\" data-e-type=\"widget\" data-widget_type=\"image.default\">\n\t\t\t\t<div class=\"elementor-widget-container\">\n\t\t\t\t\t\t\t\t\t\t\t\t\t\t\t<img decoding=\"async\" width=\"958\" height=\"691\" src=\"https:\/\/help.classymade.de\/wp-content\/uploads\/2025\/09\/CT_Benutzer-bearbeiten.png\" class=\"attachment-large size-large wp-image-1114\" alt=\"\" srcset=\"https:\/\/help.classymade.de\/wp-content\/uploads\/2025\/09\/CT_Benutzer-bearbeiten.png 958w, https:\/\/help.classymade.de\/wp-content\/uploads\/2025\/09\/CT_Benutzer-bearbeiten-300x216.png 300w, https:\/\/help.classymade.de\/wp-content\/uploads\/2025\/09\/CT_Benutzer-bearbeiten-768x554.png 768w\" sizes=\"(max-width: 958px) 100vw, 958px\" \/>\t\t\t\t\t\t\t\t\t\t\t\t\t\t\t<\/div>\n\t\t\t\t<\/div>\n\t\t\t\t\t<\/div>\n\t\t\t\t<\/div>\n\t\t<div class=\"elementor-element elementor-element-e10b0d9 e-flex e-con-boxed e-con e-parent\" data-id=\"e10b0d9\" data-element_type=\"container\" data-e-type=\"container\">\n\t\t\t\t\t<div class=\"e-con-inner\">\n\t\t\t\t<div class=\"elementor-element elementor-element-370652c elementor-widget elementor-widget-text-editor\" data-id=\"370652c\" data-element_type=\"widget\" data-e-type=\"widget\" data-widget_type=\"text-editor.default\">\n\t\t\t\t<div class=\"elementor-widget-container\">\n\t\t\t\t\t\t\t\t\t<p><strong>2.<\/strong> Mit Klick auf das <strong>Zahnrad-Symbol<\/strong> kommen Sie zu den Einstellungen.\u00a0<\/p><p><strong><span style=\"text-decoration: underline;\">DSGVO:<\/span> <\/strong><\/p><p>Hier k\u00f6nnen Sie die Vereinbarung zur DSGVO einsehen und ggf. abschlie\u00dfen. Klicken Sie hierf\u00fcr <strong>&#8222;Zur Vereinbarung&#8220;<\/strong>. Diese k\u00f6nnen Sie dort direkt ausf\u00fcllen und abschlie\u00dfen.<\/p><p><strong>Hinweis:<\/strong> Falls Sie Unternehmer oder Unternehmerin sind, m\u00fcssen Sie gem. DSGVO mit uns eine Vereinbarung zur Auftragsdatenvereinbarung schlie\u00dfen!<\/p>\t\t\t\t\t\t\t\t<\/div>\n\t\t\t\t<\/div>\n\t\t\t\t<div class=\"elementor-element elementor-element-6bb9c0b elementor-widget elementor-widget-text-editor\" data-id=\"6bb9c0b\" data-element_type=\"widget\" data-e-type=\"widget\" data-widget_type=\"text-editor.default\">\n\t\t\t\t<div class=\"elementor-widget-container\">\n\t\t\t\t\t\t\t\t\t<p><span style=\"text-decoration: underline;\"><strong>Datenschutz:<\/strong> <\/span><\/p><p>Hier finden Sie hier unser Impressum und die Erkl\u00e4rung zum Datenschutz.<\/p>\t\t\t\t\t\t\t\t<\/div>\n\t\t\t\t<\/div>\n\t\t\t\t<div class=\"elementor-element elementor-element-02e3440 elementor-widget elementor-widget-text-editor\" data-id=\"02e3440\" data-element_type=\"widget\" data-e-type=\"widget\" data-widget_type=\"text-editor.default\">\n\t\t\t\t<div class=\"elementor-widget-container\">\n\t\t\t\t\t\t\t\t\t<p><span style=\"text-decoration: underline;\"><strong>Daten l\u00f6schen:<\/strong><\/span><\/p><p>Sie m\u00f6chten Ihr Konto und alle Daten l\u00f6schen? Schade! Falls Sie Classytime nicht mehr nutzen m\u00f6chten, k\u00f6nnen Sie unter den Einstellungen Ihre Daten und die Ihrer Mitarbeitenden l\u00f6schen. Dabei werden alle angelegten Personen, Zeiterfassungen, Einstellungen und ggf. Unternehmensdaten gel\u00f6scht.\u00a0<\/p><p><strong>Achtung! Dieser Vorgang kann nicht r\u00fcckg\u00e4ngig gemacht werden! Klicken Sie nur auf l\u00f6schen, wenn Sie sich wirklich sicher sind.\u00a0<\/strong><\/p>\t\t\t\t\t\t\t\t<\/div>\n\t\t\t\t<\/div>\n\t\t\t\t<div class=\"elementor-element elementor-element-8a4c120 elementor-widget elementor-widget-text-editor\" data-id=\"8a4c120\" data-element_type=\"widget\" data-e-type=\"widget\" data-widget_type=\"text-editor.default\">\n\t\t\t\t<div class=\"elementor-widget-container\">\n\t\t\t\t\t\t\t\t\t<p>Klicken Sie nun auf<strong> &#8222;Speichern&#8220;<\/strong>, damit alle \u00c4nderungen \u00fcbernommen werden.\u00a0<\/p>\t\t\t\t\t\t\t\t<\/div>\n\t\t\t\t<\/div>\n\t\t\t\t\t<\/div>\n\t\t\t\t<\/div>\n\t\t<div class=\"elementor-element elementor-element-7b1110d e-flex e-con-boxed e-con e-parent\" data-id=\"7b1110d\" data-element_type=\"container\" data-e-type=\"container\">\n\t\t\t\t\t<div class=\"e-con-inner\">\n\t\t\t\t<div class=\"elementor-element elementor-element-78ffcbc elementor-widget elementor-widget-text-editor\" data-id=\"78ffcbc\" data-element_type=\"widget\" data-e-type=\"widget\" data-widget_type=\"text-editor.default\">\n\t\t\t\t<div class=\"elementor-widget-container\">\n\t\t\t\t\t\t\t\t\t<p><strong>3.\u00a0<\/strong>Klicken Sie auf das <strong>Unternehmens-Symbol<\/strong> in der Men\u00fcleiste. Hier k\u00f6nnen Sie Ihre Unternehmensdaten erfassen, sowie die Rollen der hinzugef\u00fcgten Personen einsehen. Um die jeweiligen Reiter zu \u00f6ffnen, klicken Sie auf die gew\u00fcnschte graue Schaltfl\u00e4che.\u00a0<\/p><p>Klicken Sie anschlie\u00dfend auf <strong>&#8222;Speichern&#8220;<\/strong>, damit Ihre Eingaben gespeichert werden.<\/p>\t\t\t\t\t\t\t\t<\/div>\n\t\t\t\t<\/div>\n\t\t\t\t<div class=\"elementor-element elementor-element-fab7537 elementor-widget elementor-widget-image\" data-id=\"fab7537\" data-element_type=\"widget\" data-e-type=\"widget\" data-widget_type=\"image.default\">\n\t\t\t\t<div class=\"elementor-widget-container\">\n\t\t\t\t\t\t\t\t\t\t\t\t\t\t\t<img decoding=\"async\" width=\"1024\" height=\"216\" src=\"https:\/\/help.classymade.de\/wp-content\/uploads\/2025\/09\/CT_Unternehmen-bearbeiten-1024x216.png\" class=\"attachment-large size-large wp-image-1142\" alt=\"\" srcset=\"https:\/\/help.classymade.de\/wp-content\/uploads\/2025\/09\/CT_Unternehmen-bearbeiten-1024x216.png 1024w, https:\/\/help.classymade.de\/wp-content\/uploads\/2025\/09\/CT_Unternehmen-bearbeiten-300x63.png 300w, https:\/\/help.classymade.de\/wp-content\/uploads\/2025\/09\/CT_Unternehmen-bearbeiten-768x162.png 768w, https:\/\/help.classymade.de\/wp-content\/uploads\/2025\/09\/CT_Unternehmen-bearbeiten.png 1163w\" sizes=\"(max-width: 1024px) 100vw, 1024px\" \/>\t\t\t\t\t\t\t\t\t\t\t\t\t\t\t<\/div>\n\t\t\t\t<\/div>\n\t\t\t\t\t<\/div>\n\t\t\t\t<\/div>\n\t\t<div class=\"elementor-element elementor-element-3c2f012 e-flex e-con-boxed e-con e-parent\" data-id=\"3c2f012\" data-element_type=\"container\" data-e-type=\"container\">\n\t\t\t\t\t<div class=\"e-con-inner\">\n\t\t\t\t<div class=\"elementor-element elementor-element-3859554 elementor-widget elementor-widget-text-editor\" data-id=\"3859554\" data-element_type=\"widget\" data-e-type=\"widget\" data-widget_type=\"text-editor.default\">\n\t\t\t\t<div class=\"elementor-widget-container\">\n\t\t\t\t\t\t\t\t\t<p>Nun haben Sie grundlegende Einstellungen vorgenommen.\u00a0<\/p><p>Klicken Sie hier, um zur Anleitung f\u00fcr das Anlegen von Mitarbeitenden zu kommen!<\/p>\t\t\t\t\t\t\t\t<\/div>\n\t\t\t\t<\/div>\n\t\t\t\t\t<\/div>\n\t\t\t\t<\/div>\n\t\t\t\t<\/div>\n\t\t","protected":false},"excerpt":{"rendered":"<p>Herzlichen Gl\u00fcckwunsch! Sie haben sich erfolgreich bei ClassyTime registriert. Nun sehen Sie eine Menge M\u00f6glichkeiten, die Software zu nutzen. Doch zuerst sollten Sie Ihr Unternehmen einrichten und Ihre pers\u00f6nlichen Einstellungen vornehmen. Hier zeigen wir Ihnen Schritt f\u00fcr Schritt, wie Sie dabei vorgehen. Ganz oben finden Sie alle M\u00f6glichkeiten, Ihr Konto zu personalisieren und Einstellungen vorzunehmen. &#8230; <a title=\"Kontoeinstellungen\" class=\"read-more\" href=\"https:\/\/help.classymade.de\/?page_id=1069\" aria-label=\"Mehr Informationen \u00fcber Kontoeinstellungen\">Weiterlesen<\/a><\/p>\n","protected":false},"author":2,"featured_media":0,"parent":0,"menu_order":0,"comment_status":"closed","ping_status":"closed","template":"","meta":{"footnotes":""},"class_list":["post-1069","page","type-page","status-publish"],"yoast_head":"<!-- This site is optimized with the Yoast SEO plugin v27.6 - https:\/\/yoast.com\/product\/yoast-seo-wordpress\/ -->\n<title>Kontoeinstellungen - ClassyMade GmbH<\/title>\n<meta name=\"robots\" content=\"index, follow, max-snippet:-1, max-image-preview:large, max-video-preview:-1\" \/>\n<link rel=\"canonical\" href=\"https:\/\/help.classymade.de\/?page_id=1069\" \/>\n<meta property=\"og:locale\" content=\"de_DE\" \/>\n<meta property=\"og:type\" content=\"article\" \/>\n<meta property=\"og:title\" content=\"Kontoeinstellungen - ClassyMade GmbH\" \/>\n<meta property=\"og:description\" content=\"Herzlichen Gl\u00fcckwunsch! Sie haben sich erfolgreich bei ClassyTime registriert. Nun sehen Sie eine Menge M\u00f6glichkeiten, die Software zu nutzen. Doch zuerst sollten Sie Ihr Unternehmen einrichten und Ihre pers\u00f6nlichen Einstellungen vornehmen. Hier zeigen wir Ihnen Schritt f\u00fcr Schritt, wie Sie dabei vorgehen. Ganz oben finden Sie alle M\u00f6glichkeiten, Ihr Konto zu personalisieren und Einstellungen vorzunehmen. ... Weiterlesen\" \/>\n<meta property=\"og:url\" content=\"https:\/\/help.classymade.de\/?page_id=1069\" \/>\n<meta property=\"og:site_name\" content=\"ClassyMade GmbH\" \/>\n<meta property=\"article:modified_time\" content=\"2025-09-24T11:33:55+00:00\" \/>\n<meta property=\"og:image\" content=\"https:\/\/help.classymade.de\/wp-content\/uploads\/2025\/09\/CT_Head.png\" \/>\n\t<meta property=\"og:image:width\" content=\"1504\" \/>\n\t<meta property=\"og:image:height\" content=\"85\" \/>\n\t<meta property=\"og:image:type\" content=\"image\/png\" \/>\n<meta name=\"twitter:card\" content=\"summary_large_image\" \/>\n<meta name=\"twitter:label1\" content=\"Gesch\u00e4tzte Lesezeit\" \/>\n\t<meta name=\"twitter:data1\" content=\"3\u00a0Minuten\" \/>\n<script type=\"application\/ld+json\" class=\"yoast-schema-graph\">{\"@context\":\"https:\\\/\\\/schema.org\",\"@graph\":[{\"@type\":\"WebPage\",\"@id\":\"https:\\\/\\\/help.classymade.de\\\/?page_id=1069\",\"url\":\"https:\\\/\\\/help.classymade.de\\\/?page_id=1069\",\"name\":\"Kontoeinstellungen - ClassyMade GmbH\",\"isPartOf\":{\"@id\":\"https:\\\/\\\/help.classymade.de\\\/#website\"},\"primaryImageOfPage\":{\"@id\":\"https:\\\/\\\/help.classymade.de\\\/?page_id=1069#primaryimage\"},\"image\":{\"@id\":\"https:\\\/\\\/help.classymade.de\\\/?page_id=1069#primaryimage\"},\"thumbnailUrl\":\"https:\\\/\\\/help.classymade.de\\\/wp-content\\\/uploads\\\/2025\\\/09\\\/CT_Head-1024x58.png\",\"datePublished\":\"2025-09-19T13:13:55+00:00\",\"dateModified\":\"2025-09-24T11:33:55+00:00\",\"breadcrumb\":{\"@id\":\"https:\\\/\\\/help.classymade.de\\\/?page_id=1069#breadcrumb\"},\"inLanguage\":\"de\",\"potentialAction\":[{\"@type\":\"ReadAction\",\"target\":[\"https:\\\/\\\/help.classymade.de\\\/?page_id=1069\"]}]},{\"@type\":\"ImageObject\",\"inLanguage\":\"de\",\"@id\":\"https:\\\/\\\/help.classymade.de\\\/?page_id=1069#primaryimage\",\"url\":\"https:\\\/\\\/help.classymade.de\\\/wp-content\\\/uploads\\\/2025\\\/09\\\/CT_Head.png\",\"contentUrl\":\"https:\\\/\\\/help.classymade.de\\\/wp-content\\\/uploads\\\/2025\\\/09\\\/CT_Head.png\",\"width\":1504,\"height\":85},{\"@type\":\"BreadcrumbList\",\"@id\":\"https:\\\/\\\/help.classymade.de\\\/?page_id=1069#breadcrumb\",\"itemListElement\":[{\"@type\":\"ListItem\",\"position\":1,\"name\":\"Startseite\",\"item\":\"https:\\\/\\\/help.classymade.de\\\/\"},{\"@type\":\"ListItem\",\"position\":2,\"name\":\"Kontoeinstellungen\"}]},{\"@type\":\"WebSite\",\"@id\":\"https:\\\/\\\/help.classymade.de\\\/#website\",\"url\":\"https:\\\/\\\/help.classymade.de\\\/\",\"name\":\"ClassyMade GmbH\",\"description\":\"Hilfecenter\",\"publisher\":{\"@id\":\"https:\\\/\\\/help.classymade.de\\\/#organization\"},\"potentialAction\":[{\"@type\":\"SearchAction\",\"target\":{\"@type\":\"EntryPoint\",\"urlTemplate\":\"https:\\\/\\\/help.classymade.de\\\/?s={search_term_string}\"},\"query-input\":{\"@type\":\"PropertyValueSpecification\",\"valueRequired\":true,\"valueName\":\"search_term_string\"}}],\"inLanguage\":\"de\"},{\"@type\":\"Organization\",\"@id\":\"https:\\\/\\\/help.classymade.de\\\/#organization\",\"name\":\"ClassyMade GmbH\",\"url\":\"https:\\\/\\\/help.classymade.de\\\/\",\"logo\":{\"@type\":\"ImageObject\",\"inLanguage\":\"de\",\"@id\":\"https:\\\/\\\/help.classymade.de\\\/#\\\/schema\\\/logo\\\/image\\\/\",\"url\":\"https:\\\/\\\/help.classymade.de\\\/wp-content\\\/uploads\\\/2025\\\/06\\\/Classymade-logo-quadrat-grau.png\",\"contentUrl\":\"https:\\\/\\\/help.classymade.de\\\/wp-content\\\/uploads\\\/2025\\\/06\\\/Classymade-logo-quadrat-grau.png\",\"width\":2000,\"height\":2000,\"caption\":\"ClassyMade GmbH\"},\"image\":{\"@id\":\"https:\\\/\\\/help.classymade.de\\\/#\\\/schema\\\/logo\\\/image\\\/\"}}]}<\/script>\n<!-- \/ Yoast SEO plugin. -->","yoast_head_json":{"title":"Kontoeinstellungen - ClassyMade GmbH","robots":{"index":"index","follow":"follow","max-snippet":"max-snippet:-1","max-image-preview":"max-image-preview:large","max-video-preview":"max-video-preview:-1"},"canonical":"https:\/\/help.classymade.de\/?page_id=1069","og_locale":"de_DE","og_type":"article","og_title":"Kontoeinstellungen - ClassyMade GmbH","og_description":"Herzlichen Gl\u00fcckwunsch! Sie haben sich erfolgreich bei ClassyTime registriert. Nun sehen Sie eine Menge M\u00f6glichkeiten, die Software zu nutzen. Doch zuerst sollten Sie Ihr Unternehmen einrichten und Ihre pers\u00f6nlichen Einstellungen vornehmen. Hier zeigen wir Ihnen Schritt f\u00fcr Schritt, wie Sie dabei vorgehen. Ganz oben finden Sie alle M\u00f6glichkeiten, Ihr Konto zu personalisieren und Einstellungen vorzunehmen. ... Weiterlesen","og_url":"https:\/\/help.classymade.de\/?page_id=1069","og_site_name":"ClassyMade GmbH","article_modified_time":"2025-09-24T11:33:55+00:00","og_image":[{"width":1504,"height":85,"url":"https:\/\/help.classymade.de\/wp-content\/uploads\/2025\/09\/CT_Head.png","type":"image\/png"}],"twitter_card":"summary_large_image","twitter_misc":{"Gesch\u00e4tzte Lesezeit":"3\u00a0Minuten"},"schema":{"@context":"https:\/\/schema.org","@graph":[{"@type":"WebPage","@id":"https:\/\/help.classymade.de\/?page_id=1069","url":"https:\/\/help.classymade.de\/?page_id=1069","name":"Kontoeinstellungen - ClassyMade GmbH","isPartOf":{"@id":"https:\/\/help.classymade.de\/#website"},"primaryImageOfPage":{"@id":"https:\/\/help.classymade.de\/?page_id=1069#primaryimage"},"image":{"@id":"https:\/\/help.classymade.de\/?page_id=1069#primaryimage"},"thumbnailUrl":"https:\/\/help.classymade.de\/wp-content\/uploads\/2025\/09\/CT_Head-1024x58.png","datePublished":"2025-09-19T13:13:55+00:00","dateModified":"2025-09-24T11:33:55+00:00","breadcrumb":{"@id":"https:\/\/help.classymade.de\/?page_id=1069#breadcrumb"},"inLanguage":"de","potentialAction":[{"@type":"ReadAction","target":["https:\/\/help.classymade.de\/?page_id=1069"]}]},{"@type":"ImageObject","inLanguage":"de","@id":"https:\/\/help.classymade.de\/?page_id=1069#primaryimage","url":"https:\/\/help.classymade.de\/wp-content\/uploads\/2025\/09\/CT_Head.png","contentUrl":"https:\/\/help.classymade.de\/wp-content\/uploads\/2025\/09\/CT_Head.png","width":1504,"height":85},{"@type":"BreadcrumbList","@id":"https:\/\/help.classymade.de\/?page_id=1069#breadcrumb","itemListElement":[{"@type":"ListItem","position":1,"name":"Startseite","item":"https:\/\/help.classymade.de\/"},{"@type":"ListItem","position":2,"name":"Kontoeinstellungen"}]},{"@type":"WebSite","@id":"https:\/\/help.classymade.de\/#website","url":"https:\/\/help.classymade.de\/","name":"ClassyMade GmbH","description":"Hilfecenter","publisher":{"@id":"https:\/\/help.classymade.de\/#organization"},"potentialAction":[{"@type":"SearchAction","target":{"@type":"EntryPoint","urlTemplate":"https:\/\/help.classymade.de\/?s={search_term_string}"},"query-input":{"@type":"PropertyValueSpecification","valueRequired":true,"valueName":"search_term_string"}}],"inLanguage":"de"},{"@type":"Organization","@id":"https:\/\/help.classymade.de\/#organization","name":"ClassyMade GmbH","url":"https:\/\/help.classymade.de\/","logo":{"@type":"ImageObject","inLanguage":"de","@id":"https:\/\/help.classymade.de\/#\/schema\/logo\/image\/","url":"https:\/\/help.classymade.de\/wp-content\/uploads\/2025\/06\/Classymade-logo-quadrat-grau.png","contentUrl":"https:\/\/help.classymade.de\/wp-content\/uploads\/2025\/06\/Classymade-logo-quadrat-grau.png","width":2000,"height":2000,"caption":"ClassyMade GmbH"},"image":{"@id":"https:\/\/help.classymade.de\/#\/schema\/logo\/image\/"}}]}},"_links":{"self":[{"href":"https:\/\/help.classymade.de\/index.php?rest_route=\/wp\/v2\/pages\/1069","targetHints":{"allow":["GET"]}}],"collection":[{"href":"https:\/\/help.classymade.de\/index.php?rest_route=\/wp\/v2\/pages"}],"about":[{"href":"https:\/\/help.classymade.de\/index.php?rest_route=\/wp\/v2\/types\/page"}],"author":[{"embeddable":true,"href":"https:\/\/help.classymade.de\/index.php?rest_route=\/wp\/v2\/users\/2"}],"replies":[{"embeddable":true,"href":"https:\/\/help.classymade.de\/index.php?rest_route=%2Fwp%2Fv2%2Fcomments&post=1069"}],"version-history":[{"count":16,"href":"https:\/\/help.classymade.de\/index.php?rest_route=\/wp\/v2\/pages\/1069\/revisions"}],"predecessor-version":[{"id":1390,"href":"https:\/\/help.classymade.de\/index.php?rest_route=\/wp\/v2\/pages\/1069\/revisions\/1390"}],"wp:attachment":[{"href":"https:\/\/help.classymade.de\/index.php?rest_route=%2Fwp%2Fv2%2Fmedia&parent=1069"}],"curies":[{"name":"wp","href":"https:\/\/api.w.org\/{rel}","templated":true}]}}