{"id":450,"date":"2025-09-15T09:59:42","date_gmt":"2025-09-15T09:59:42","guid":{"rendered":"https:\/\/help.classymade.de\/?page_id=450"},"modified":"2025-09-23T10:28:03","modified_gmt":"2025-09-23T10:28:03","slug":"notfallpaesse","status":"publish","type":"page","link":"https:\/\/help.classymade.de\/?page_id=450","title":{"rendered":"Notfallp\u00e4sse"},"content":{"rendered":"\t\t<div data-elementor-type=\"wp-page\" data-elementor-id=\"450\" class=\"elementor elementor-450\" data-elementor-post-type=\"page\">\n\t\t\t\t<div class=\"elementor-element elementor-element-3045870 e-flex e-con-boxed e-con e-parent\" data-id=\"3045870\" data-element_type=\"container\" data-e-type=\"container\">\n\t\t\t\t\t<div class=\"e-con-inner\">\n\t\t\t\t<div class=\"elementor-element elementor-element-190740b elementor-widget-divider--view-line elementor-widget elementor-widget-divider\" data-id=\"190740b\" data-element_type=\"widget\" data-e-type=\"widget\" data-widget_type=\"divider.default\">\n\t\t\t\t<div class=\"elementor-widget-container\">\n\t\t\t\t\t\t\t<div class=\"elementor-divider\">\n\t\t\t<span class=\"elementor-divider-separator\">\n\t\t\t\t\t\t<\/span>\n\t\t<\/div>\n\t\t\t\t\t\t<\/div>\n\t\t\t\t<\/div>\n\t\t\t\t\t<\/div>\n\t\t\t\t<\/div>\n\t\t<div class=\"elementor-element elementor-element-50cd3c9 e-flex e-con-boxed e-con e-parent\" data-id=\"50cd3c9\" data-element_type=\"container\" data-e-type=\"container\">\n\t\t\t\t\t<div class=\"e-con-inner\">\n\t\t\t\t<div class=\"elementor-element elementor-element-36a5108 elementor-widget elementor-widget-image\" data-id=\"36a5108\" data-element_type=\"widget\" data-e-type=\"widget\" data-widget_type=\"image.default\">\n\t\t\t\t<div class=\"elementor-widget-container\">\n\t\t\t\t\t\t\t\t\t\t\t\t\t\t\t<img fetchpriority=\"high\" decoding=\"async\" width=\"511\" height=\"224\" src=\"https:\/\/help.classymade.de\/wp-content\/uploads\/2025\/09\/Notfallpaesse.png\" class=\"attachment-large size-large wp-image-464\" alt=\"\" srcset=\"https:\/\/help.classymade.de\/wp-content\/uploads\/2025\/09\/Notfallpaesse.png 511w, https:\/\/help.classymade.de\/wp-content\/uploads\/2025\/09\/Notfallpaesse-300x132.png 300w\" sizes=\"(max-width: 511px) 100vw, 511px\" \/>\t\t\t\t\t\t\t\t\t\t\t\t\t\t\t<\/div>\n\t\t\t\t<\/div>\n\t\t\t\t\t<\/div>\n\t\t\t\t<\/div>\n\t\t<div class=\"elementor-element elementor-element-ccc6bfd e-flex e-con-boxed e-con e-parent\" data-id=\"ccc6bfd\" data-element_type=\"container\" data-e-type=\"container\">\n\t\t\t\t\t<div class=\"e-con-inner\">\n\t\t\t\t<div class=\"elementor-element elementor-element-936853c elementor-widget elementor-widget-text-editor\" data-id=\"936853c\" data-element_type=\"widget\" data-e-type=\"widget\" data-widget_type=\"text-editor.default\">\n\t\t\t\t<div class=\"elementor-widget-container\">\n\t\t\t\t\t\t\t\t\t<p><span style=\"color: #ffffff;\">Klicken Sie im Hauptmen\u00fc auf <strong>Notfallp\u00e4sse<\/strong>. Dort sehen Sie alle Benutzer:innen. Neben jedem Namen sehen Sie das Notfallpass-Symbol.\u00a0<\/span><\/p><p><span style=\"color: #ffffff;\">Mit einem Klick darauf k\u00f6nnen Sie den Notfallpass, sofern er angelegt wurde, von dieser Person einsehen.\u00a0<\/span><\/p><p><span style=\"color: #ffffff;\"><strong>Um den Notfallpass einer verunfallten Person schneller aufzufinden, geben Sie deren Namen in das &#8222;Suche&#8220;-Feld oben rechts ein!\u00a0<\/strong><\/span><\/p>\t\t\t\t\t\t\t\t<\/div>\n\t\t\t\t<\/div>\n\t\t\t\t\t<\/div>\n\t\t\t\t<\/div>\n\t\t<div class=\"elementor-element elementor-element-840a733 e-flex e-con-boxed e-con e-parent\" data-id=\"840a733\" data-element_type=\"container\" data-e-type=\"container\">\n\t\t\t\t\t<div class=\"e-con-inner\">\n\t\t\t\t<div class=\"elementor-element elementor-element-ba9817a elementor-widget elementor-widget-image\" data-id=\"ba9817a\" data-element_type=\"widget\" data-e-type=\"widget\" data-widget_type=\"image.default\">\n\t\t\t\t<div class=\"elementor-widget-container\">\n\t\t\t\t\t\t\t\t\t\t\t\t\t\t\t<img decoding=\"async\" width=\"1024\" height=\"479\" src=\"https:\/\/help.classymade.de\/wp-content\/uploads\/2025\/09\/Notfallpaesse_Liste-1024x479.png\" class=\"attachment-large size-large wp-image-465\" alt=\"\" srcset=\"https:\/\/help.classymade.de\/wp-content\/uploads\/2025\/09\/Notfallpaesse_Liste-1024x479.png 1024w, https:\/\/help.classymade.de\/wp-content\/uploads\/2025\/09\/Notfallpaesse_Liste-300x140.png 300w, https:\/\/help.classymade.de\/wp-content\/uploads\/2025\/09\/Notfallpaesse_Liste-768x360.png 768w, https:\/\/help.classymade.de\/wp-content\/uploads\/2025\/09\/Notfallpaesse_Liste-1536x719.png 1536w, https:\/\/help.classymade.de\/wp-content\/uploads\/2025\/09\/Notfallpaesse_Liste.png 1621w\" sizes=\"(max-width: 1024px) 100vw, 1024px\" \/>\t\t\t\t\t\t\t\t\t\t\t\t\t\t\t<\/div>\n\t\t\t\t<\/div>\n\t\t\t\t\t<\/div>\n\t\t\t\t<\/div>\n\t\t\t\t<\/div>\n\t\t","protected":false},"excerpt":{"rendered":"<p>Klicken Sie im Hauptmen\u00fc auf Notfallp\u00e4sse. Dort sehen Sie alle Benutzer:innen. Neben jedem Namen sehen Sie das Notfallpass-Symbol.\u00a0 Mit einem Klick darauf k\u00f6nnen Sie den Notfallpass, sofern er angelegt wurde, von dieser Person einsehen.\u00a0 Um den Notfallpass einer verunfallten Person schneller aufzufinden, geben Sie deren Namen in das &#8222;Suche&#8220;-Feld oben rechts ein!\u00a0<\/p>\n","protected":false},"author":2,"featured_media":0,"parent":0,"menu_order":0,"comment_status":"closed","ping_status":"closed","template":"","meta":{"footnotes":""},"class_list":["post-450","page","type-page","status-publish"],"yoast_head":"<!-- This site is optimized with the Yoast SEO plugin v27.6 - https:\/\/yoast.com\/product\/yoast-seo-wordpress\/ -->\n<title>Notfallp\u00e4sse - ClassyMade GmbH<\/title>\n<meta name=\"robots\" content=\"index, follow, max-snippet:-1, max-image-preview:large, max-video-preview:-1\" \/>\n<link rel=\"canonical\" href=\"https:\/\/help.classymade.de\/?page_id=450\" \/>\n<meta property=\"og:locale\" content=\"de_DE\" \/>\n<meta property=\"og:type\" content=\"article\" \/>\n<meta property=\"og:title\" content=\"Notfallp\u00e4sse - ClassyMade GmbH\" \/>\n<meta property=\"og:description\" content=\"Klicken Sie im Hauptmen\u00fc auf Notfallp\u00e4sse. Dort sehen Sie alle Benutzer:innen. Neben jedem Namen sehen Sie das Notfallpass-Symbol.\u00a0 Mit einem Klick darauf k\u00f6nnen Sie den Notfallpass, sofern er angelegt wurde, von dieser Person einsehen.\u00a0 Um den Notfallpass einer verunfallten Person schneller aufzufinden, geben Sie deren Namen in das &#8222;Suche&#8220;-Feld oben rechts ein!\u00a0\" \/>\n<meta property=\"og:url\" content=\"https:\/\/help.classymade.de\/?page_id=450\" \/>\n<meta property=\"og:site_name\" content=\"ClassyMade GmbH\" \/>\n<meta property=\"article:modified_time\" content=\"2025-09-23T10:28:03+00:00\" \/>\n<meta property=\"og:image\" content=\"https:\/\/help.classymade.de\/wp-content\/uploads\/2025\/09\/Notfallpaesse.png\" \/>\n\t<meta property=\"og:image:width\" content=\"511\" \/>\n\t<meta property=\"og:image:height\" content=\"224\" \/>\n\t<meta property=\"og:image:type\" content=\"image\/png\" \/>\n<meta name=\"twitter:card\" content=\"summary_large_image\" \/>\n<meta name=\"twitter:label1\" content=\"Gesch\u00e4tzte Lesezeit\" \/>\n\t<meta name=\"twitter:data1\" content=\"1\u00a0Minute\" \/>\n<script type=\"application\/ld+json\" class=\"yoast-schema-graph\">{\"@context\":\"https:\\\/\\\/schema.org\",\"@graph\":[{\"@type\":\"WebPage\",\"@id\":\"https:\\\/\\\/help.classymade.de\\\/?page_id=450\",\"url\":\"https:\\\/\\\/help.classymade.de\\\/?page_id=450\",\"name\":\"Notfallp\u00e4sse - ClassyMade GmbH\",\"isPartOf\":{\"@id\":\"https:\\\/\\\/help.classymade.de\\\/#website\"},\"primaryImageOfPage\":{\"@id\":\"https:\\\/\\\/help.classymade.de\\\/?page_id=450#primaryimage\"},\"image\":{\"@id\":\"https:\\\/\\\/help.classymade.de\\\/?page_id=450#primaryimage\"},\"thumbnailUrl\":\"https:\\\/\\\/help.classymade.de\\\/wp-content\\\/uploads\\\/2025\\\/09\\\/Notfallpaesse.png\",\"datePublished\":\"2025-09-15T09:59:42+00:00\",\"dateModified\":\"2025-09-23T10:28:03+00:00\",\"breadcrumb\":{\"@id\":\"https:\\\/\\\/help.classymade.de\\\/?page_id=450#breadcrumb\"},\"inLanguage\":\"de\",\"potentialAction\":[{\"@type\":\"ReadAction\",\"target\":[\"https:\\\/\\\/help.classymade.de\\\/?page_id=450\"]}]},{\"@type\":\"ImageObject\",\"inLanguage\":\"de\",\"@id\":\"https:\\\/\\\/help.classymade.de\\\/?page_id=450#primaryimage\",\"url\":\"https:\\\/\\\/help.classymade.de\\\/wp-content\\\/uploads\\\/2025\\\/09\\\/Notfallpaesse.png\",\"contentUrl\":\"https:\\\/\\\/help.classymade.de\\\/wp-content\\\/uploads\\\/2025\\\/09\\\/Notfallpaesse.png\",\"width\":511,\"height\":224},{\"@type\":\"BreadcrumbList\",\"@id\":\"https:\\\/\\\/help.classymade.de\\\/?page_id=450#breadcrumb\",\"itemListElement\":[{\"@type\":\"ListItem\",\"position\":1,\"name\":\"Startseite\",\"item\":\"https:\\\/\\\/help.classymade.de\\\/\"},{\"@type\":\"ListItem\",\"position\":2,\"name\":\"Notfallp\u00e4sse\"}]},{\"@type\":\"WebSite\",\"@id\":\"https:\\\/\\\/help.classymade.de\\\/#website\",\"url\":\"https:\\\/\\\/help.classymade.de\\\/\",\"name\":\"ClassyMade GmbH\",\"description\":\"Hilfecenter\",\"publisher\":{\"@id\":\"https:\\\/\\\/help.classymade.de\\\/#organization\"},\"potentialAction\":[{\"@type\":\"SearchAction\",\"target\":{\"@type\":\"EntryPoint\",\"urlTemplate\":\"https:\\\/\\\/help.classymade.de\\\/?s={search_term_string}\"},\"query-input\":{\"@type\":\"PropertyValueSpecification\",\"valueRequired\":true,\"valueName\":\"search_term_string\"}}],\"inLanguage\":\"de\"},{\"@type\":\"Organization\",\"@id\":\"https:\\\/\\\/help.classymade.de\\\/#organization\",\"name\":\"ClassyMade GmbH\",\"url\":\"https:\\\/\\\/help.classymade.de\\\/\",\"logo\":{\"@type\":\"ImageObject\",\"inLanguage\":\"de\",\"@id\":\"https:\\\/\\\/help.classymade.de\\\/#\\\/schema\\\/logo\\\/image\\\/\",\"url\":\"https:\\\/\\\/help.classymade.de\\\/wp-content\\\/uploads\\\/2025\\\/06\\\/Classymade-logo-quadrat-grau.png\",\"contentUrl\":\"https:\\\/\\\/help.classymade.de\\\/wp-content\\\/uploads\\\/2025\\\/06\\\/Classymade-logo-quadrat-grau.png\",\"width\":2000,\"height\":2000,\"caption\":\"ClassyMade GmbH\"},\"image\":{\"@id\":\"https:\\\/\\\/help.classymade.de\\\/#\\\/schema\\\/logo\\\/image\\\/\"}}]}<\/script>\n<!-- \/ Yoast SEO plugin. -->","yoast_head_json":{"title":"Notfallp\u00e4sse - ClassyMade GmbH","robots":{"index":"index","follow":"follow","max-snippet":"max-snippet:-1","max-image-preview":"max-image-preview:large","max-video-preview":"max-video-preview:-1"},"canonical":"https:\/\/help.classymade.de\/?page_id=450","og_locale":"de_DE","og_type":"article","og_title":"Notfallp\u00e4sse - ClassyMade GmbH","og_description":"Klicken Sie im Hauptmen\u00fc auf Notfallp\u00e4sse. Dort sehen Sie alle Benutzer:innen. Neben jedem Namen sehen Sie das Notfallpass-Symbol.\u00a0 Mit einem Klick darauf k\u00f6nnen Sie den Notfallpass, sofern er angelegt wurde, von dieser Person einsehen.\u00a0 Um den Notfallpass einer verunfallten Person schneller aufzufinden, geben Sie deren Namen in das &#8222;Suche&#8220;-Feld oben rechts ein!\u00a0","og_url":"https:\/\/help.classymade.de\/?page_id=450","og_site_name":"ClassyMade GmbH","article_modified_time":"2025-09-23T10:28:03+00:00","og_image":[{"width":511,"height":224,"url":"https:\/\/help.classymade.de\/wp-content\/uploads\/2025\/09\/Notfallpaesse.png","type":"image\/png"}],"twitter_card":"summary_large_image","twitter_misc":{"Gesch\u00e4tzte Lesezeit":"1\u00a0Minute"},"schema":{"@context":"https:\/\/schema.org","@graph":[{"@type":"WebPage","@id":"https:\/\/help.classymade.de\/?page_id=450","url":"https:\/\/help.classymade.de\/?page_id=450","name":"Notfallp\u00e4sse - ClassyMade GmbH","isPartOf":{"@id":"https:\/\/help.classymade.de\/#website"},"primaryImageOfPage":{"@id":"https:\/\/help.classymade.de\/?page_id=450#primaryimage"},"image":{"@id":"https:\/\/help.classymade.de\/?page_id=450#primaryimage"},"thumbnailUrl":"https:\/\/help.classymade.de\/wp-content\/uploads\/2025\/09\/Notfallpaesse.png","datePublished":"2025-09-15T09:59:42+00:00","dateModified":"2025-09-23T10:28:03+00:00","breadcrumb":{"@id":"https:\/\/help.classymade.de\/?page_id=450#breadcrumb"},"inLanguage":"de","potentialAction":[{"@type":"ReadAction","target":["https:\/\/help.classymade.de\/?page_id=450"]}]},{"@type":"ImageObject","inLanguage":"de","@id":"https:\/\/help.classymade.de\/?page_id=450#primaryimage","url":"https:\/\/help.classymade.de\/wp-content\/uploads\/2025\/09\/Notfallpaesse.png","contentUrl":"https:\/\/help.classymade.de\/wp-content\/uploads\/2025\/09\/Notfallpaesse.png","width":511,"height":224},{"@type":"BreadcrumbList","@id":"https:\/\/help.classymade.de\/?page_id=450#breadcrumb","itemListElement":[{"@type":"ListItem","position":1,"name":"Startseite","item":"https:\/\/help.classymade.de\/"},{"@type":"ListItem","position":2,"name":"Notfallp\u00e4sse"}]},{"@type":"WebSite","@id":"https:\/\/help.classymade.de\/#website","url":"https:\/\/help.classymade.de\/","name":"ClassyMade GmbH","description":"Hilfecenter","publisher":{"@id":"https:\/\/help.classymade.de\/#organization"},"potentialAction":[{"@type":"SearchAction","target":{"@type":"EntryPoint","urlTemplate":"https:\/\/help.classymade.de\/?s={search_term_string}"},"query-input":{"@type":"PropertyValueSpecification","valueRequired":true,"valueName":"search_term_string"}}],"inLanguage":"de"},{"@type":"Organization","@id":"https:\/\/help.classymade.de\/#organization","name":"ClassyMade GmbH","url":"https:\/\/help.classymade.de\/","logo":{"@type":"ImageObject","inLanguage":"de","@id":"https:\/\/help.classymade.de\/#\/schema\/logo\/image\/","url":"https:\/\/help.classymade.de\/wp-content\/uploads\/2025\/06\/Classymade-logo-quadrat-grau.png","contentUrl":"https:\/\/help.classymade.de\/wp-content\/uploads\/2025\/06\/Classymade-logo-quadrat-grau.png","width":2000,"height":2000,"caption":"ClassyMade GmbH"},"image":{"@id":"https:\/\/help.classymade.de\/#\/schema\/logo\/image\/"}}]}},"_links":{"self":[{"href":"https:\/\/help.classymade.de\/index.php?rest_route=\/wp\/v2\/pages\/450","targetHints":{"allow":["GET"]}}],"collection":[{"href":"https:\/\/help.classymade.de\/index.php?rest_route=\/wp\/v2\/pages"}],"about":[{"href":"https:\/\/help.classymade.de\/index.php?rest_route=\/wp\/v2\/types\/page"}],"author":[{"embeddable":true,"href":"https:\/\/help.classymade.de\/index.php?rest_route=\/wp\/v2\/users\/2"}],"replies":[{"embeddable":true,"href":"https:\/\/help.classymade.de\/index.php?rest_route=%2Fwp%2Fv2%2Fcomments&post=450"}],"version-history":[{"count":22,"href":"https:\/\/help.classymade.de\/index.php?rest_route=\/wp\/v2\/pages\/450\/revisions"}],"predecessor-version":[{"id":1256,"href":"https:\/\/help.classymade.de\/index.php?rest_route=\/wp\/v2\/pages\/450\/revisions\/1256"}],"wp:attachment":[{"href":"https:\/\/help.classymade.de\/index.php?rest_route=%2Fwp%2Fv2%2Fmedia&parent=450"}],"curies":[{"name":"wp","href":"https:\/\/api.w.org\/{rel}","templated":true}]}}