{"id":74,"date":"2025-08-27T10:53:26","date_gmt":"2025-08-27T10:53:26","guid":{"rendered":"https:\/\/help.classymade.de\/?page_id=74"},"modified":"2025-09-23T10:25:53","modified_gmt":"2025-09-23T10:25:53","slug":"unfall-erfassen","status":"publish","type":"page","link":"https:\/\/help.classymade.de\/?page_id=74","title":{"rendered":"Unfall erfassen"},"content":{"rendered":"\t\t<div data-elementor-type=\"wp-page\" data-elementor-id=\"74\" class=\"elementor elementor-74\" data-elementor-post-type=\"page\">\n\t\t\t\t<div class=\"elementor-element elementor-element-d0081fa e-flex e-con-boxed e-con e-parent\" data-id=\"d0081fa\" data-element_type=\"container\" data-e-type=\"container\">\n\t\t\t\t\t<div class=\"e-con-inner\">\n\t\t\t\t<div class=\"elementor-element elementor-element-7217bd0 elementor-widget-divider--view-line elementor-widget elementor-widget-divider\" data-id=\"7217bd0\" data-element_type=\"widget\" data-e-type=\"widget\" data-widget_type=\"divider.default\">\n\t\t\t\t<div class=\"elementor-widget-container\">\n\t\t\t\t\t\t\t<div class=\"elementor-divider\">\n\t\t\t<span class=\"elementor-divider-separator\">\n\t\t\t\t\t\t<\/span>\n\t\t<\/div>\n\t\t\t\t\t\t<\/div>\n\t\t\t\t<\/div>\n\t\t\t\t\t<\/div>\n\t\t\t\t<\/div>\n\t\t<div class=\"elementor-element elementor-element-9bda2d6 e-flex e-con-boxed e-con e-parent\" data-id=\"9bda2d6\" data-element_type=\"container\" data-e-type=\"container\">\n\t\t\t\t\t<div class=\"e-con-inner\">\n\t\t\t\t<div class=\"elementor-element elementor-element-78397cd elementor-widget elementor-widget-text-editor\" data-id=\"78397cd\" data-element_type=\"widget\" data-e-type=\"widget\" data-widget_type=\"text-editor.default\">\n\t\t\t\t<div class=\"elementor-widget-container\">\n\t\t\t\t\t\t\t\t\t<h5><strong>Hier erfahren Sie, wie Sie einen neuen Unfall erfassen k\u00f6nnen.<\/strong><\/h5>\t\t\t\t\t\t\t\t<\/div>\n\t\t\t\t<\/div>\n\t\t\t\t<div class=\"elementor-element elementor-element-ea76b22 elementor-widget__width-initial elementor-widget elementor-widget-image\" data-id=\"ea76b22\" data-element_type=\"widget\" data-e-type=\"widget\" data-widget_type=\"image.default\">\n\t\t\t\t<div class=\"elementor-widget-container\">\n\t\t\t\t\t\t\t\t\t\t\t\t\t\t\t<img fetchpriority=\"high\" decoding=\"async\" width=\"549\" height=\"231\" src=\"https:\/\/help.classymade.de\/wp-content\/uploads\/2025\/09\/Unfall-erfassen-logo.png\" class=\"attachment-large size-large wp-image-319\" alt=\"\" srcset=\"https:\/\/help.classymade.de\/wp-content\/uploads\/2025\/09\/Unfall-erfassen-logo.png 549w, https:\/\/help.classymade.de\/wp-content\/uploads\/2025\/09\/Unfall-erfassen-logo-300x126.png 300w\" sizes=\"(max-width: 549px) 100vw, 549px\" \/>\t\t\t\t\t\t\t\t\t\t\t\t\t\t\t<\/div>\n\t\t\t\t<\/div>\n\t\t\t\t<div class=\"elementor-element elementor-element-b5620e0 elementor-widget elementor-widget-text-editor\" data-id=\"b5620e0\" data-element_type=\"widget\" data-e-type=\"widget\" data-widget_type=\"text-editor.default\">\n\t\t\t\t<div class=\"elementor-widget-container\">\n\t\t\t\t\t\t\t\t\t<p><span style=\"color: #ffffff;\"><strong>1.<\/strong> Klicken Sie auf <strong>&#8222;Unfall erfassen&#8220;<\/strong>. Sie gelangen hier\u00fcber zur Eingabemaske, um einen neuen Unfall anzulegen.<\/span><\/p>\t\t\t\t\t\t\t\t<\/div>\n\t\t\t\t<\/div>\n\t\t\t\t<div class=\"elementor-element elementor-element-44e72fa elementor-widget elementor-widget-image\" data-id=\"44e72fa\" data-element_type=\"widget\" data-e-type=\"widget\" data-widget_type=\"image.default\">\n\t\t\t\t<div class=\"elementor-widget-container\">\n\t\t\t\t\t\t\t\t\t\t\t\t\t\t\t<img decoding=\"async\" width=\"1024\" height=\"730\" src=\"https:\/\/help.classymade.de\/wp-content\/uploads\/2025\/08\/Unfall-erfassen_Allgemeine-Angaben-1024x730.png\" class=\"attachment-large size-large wp-image-59\" alt=\"\" srcset=\"https:\/\/help.classymade.de\/wp-content\/uploads\/2025\/08\/Unfall-erfassen_Allgemeine-Angaben-1024x730.png 1024w, https:\/\/help.classymade.de\/wp-content\/uploads\/2025\/08\/Unfall-erfassen_Allgemeine-Angaben-300x214.png 300w, https:\/\/help.classymade.de\/wp-content\/uploads\/2025\/08\/Unfall-erfassen_Allgemeine-Angaben-768x548.png 768w, https:\/\/help.classymade.de\/wp-content\/uploads\/2025\/08\/Unfall-erfassen_Allgemeine-Angaben.png 1369w\" sizes=\"(max-width: 1024px) 100vw, 1024px\" \/>\t\t\t\t\t\t\t\t\t\t\t\t\t\t\t<\/div>\n\t\t\t\t<\/div>\n\t\t\t\t<div class=\"elementor-element elementor-element-5582f87 elementor-widget elementor-widget-text-editor\" data-id=\"5582f87\" data-element_type=\"widget\" data-e-type=\"widget\" data-widget_type=\"text-editor.default\">\n\t\t\t\t<div class=\"elementor-widget-container\">\n\t\t\t\t\t\t\t\t\t<p><span style=\"color: #ffffff;\"><strong>2.<\/strong> Hier k\u00f6nnen Sie nun die Unfalldaten eingeben. Neben allgemeinen Angaben zum\/zur Verletzten und dem Unfallhergang sowie anwesenden Zeugen&#8230;<\/span><\/p>\t\t\t\t\t\t\t\t<\/div>\n\t\t\t\t<\/div>\n\t\t\t\t<div class=\"elementor-element elementor-element-024c791 elementor-widget elementor-widget-image\" data-id=\"024c791\" data-element_type=\"widget\" data-e-type=\"widget\" data-widget_type=\"image.default\">\n\t\t\t\t<div class=\"elementor-widget-container\">\n\t\t\t\t\t\t\t\t\t\t\t\t\t\t\t<img decoding=\"async\" width=\"1024\" height=\"595\" src=\"https:\/\/help.classymade.de\/wp-content\/uploads\/2025\/09\/Unfall-erstellen-1024x595.png\" class=\"attachment-large size-large wp-image-321\" alt=\"\" srcset=\"https:\/\/help.classymade.de\/wp-content\/uploads\/2025\/09\/Unfall-erstellen-1024x595.png 1024w, https:\/\/help.classymade.de\/wp-content\/uploads\/2025\/09\/Unfall-erstellen-300x174.png 300w, https:\/\/help.classymade.de\/wp-content\/uploads\/2025\/09\/Unfall-erstellen-768x446.png 768w, https:\/\/help.classymade.de\/wp-content\/uploads\/2025\/09\/Unfall-erstellen.png 1502w\" sizes=\"(max-width: 1024px) 100vw, 1024px\" \/>\t\t\t\t\t\t\t\t\t\t\t\t\t\t\t<\/div>\n\t\t\t\t<\/div>\n\t\t\t\t<div class=\"elementor-element elementor-element-73d23cb elementor-widget elementor-widget-text-editor\" data-id=\"73d23cb\" data-element_type=\"widget\" data-e-type=\"widget\" data-widget_type=\"text-editor.default\">\n\t\t\t\t<div class=\"elementor-widget-container\">\n\t\t\t\t\t\t\t\t\t<p><span style=\"color: #ffffff;\">&#8230; als auch die Erste-Hilfe-Leistungen, die in die Wege geleitet wurden.<br \/>Mit Klick auf das <strong>+<\/strong> lassen sich weitere Zeugen oder Erste-Hilfe-Leistende hinzuf\u00fcgen.<\/span><\/p><p>\u00a0<\/p><p><span style=\"color: #ffffff;\"><strong>3.<\/strong> Sobald Sie das Formular ausgef\u00fcllt haben, klicken Sie auf <strong>erstellen<\/strong>.<\/span><\/p>\t\t\t\t\t\t\t\t<\/div>\n\t\t\t\t<\/div>\n\t\t\t\t\t<\/div>\n\t\t\t\t<\/div>\n\t\t<div class=\"elementor-element elementor-element-47615c4 e-flex e-con-boxed e-con e-parent\" data-id=\"47615c4\" data-element_type=\"container\" data-e-type=\"container\">\n\t\t\t\t\t<div class=\"e-con-inner\">\n\t\t\t\t<div class=\"elementor-element elementor-element-4eafea5 elementor-widget elementor-widget-text-editor\" data-id=\"4eafea5\" data-element_type=\"widget\" data-e-type=\"widget\" data-widget_type=\"text-editor.default\">\n\t\t\t\t<div class=\"elementor-widget-container\">\n\t\t\t\t\t\t\t\t\t<p><span style=\"color: #ffffff;\"><strong>Nun ist der Unfall angelegt. Sie gelangen anschlie\u00dfend automatisch zur \u00dcbersichtsseite aller Unf\u00e4lle, die von Ihnen angelegt wurden.<\/strong><\/span><\/p>\t\t\t\t\t\t\t\t<\/div>\n\t\t\t\t<\/div>\n\t\t\t\t\t<\/div>\n\t\t\t\t<\/div>\n\t\t\t\t<\/div>\n\t\t","protected":false},"excerpt":{"rendered":"<p>Hier erfahren Sie, wie Sie einen neuen Unfall erfassen k\u00f6nnen. 1. Klicken Sie auf &#8222;Unfall erfassen&#8220;. Sie gelangen hier\u00fcber zur Eingabemaske, um einen neuen Unfall anzulegen. 2. Hier k\u00f6nnen Sie nun die Unfalldaten eingeben. Neben allgemeinen Angaben zum\/zur Verletzten und dem Unfallhergang sowie anwesenden Zeugen&#8230; &#8230; als auch die Erste-Hilfe-Leistungen, die in die Wege geleitet &#8230; <a title=\"Unfall erfassen\" class=\"read-more\" href=\"https:\/\/help.classymade.de\/?page_id=74\" aria-label=\"Mehr Informationen \u00fcber Unfall erfassen\">Weiterlesen<\/a><\/p>\n","protected":false},"author":2,"featured_media":0,"parent":0,"menu_order":0,"comment_status":"closed","ping_status":"closed","template":"","meta":{"footnotes":""},"class_list":["post-74","page","type-page","status-publish"],"yoast_head":"<!-- This site is optimized with the Yoast SEO plugin v27.6 - https:\/\/yoast.com\/product\/yoast-seo-wordpress\/ -->\n<title>Unfall erfassen - ClassyMade GmbH<\/title>\n<meta name=\"robots\" content=\"index, follow, max-snippet:-1, max-image-preview:large, max-video-preview:-1\" \/>\n<link rel=\"canonical\" href=\"https:\/\/help.classymade.de\/?page_id=74\" \/>\n<meta property=\"og:locale\" content=\"de_DE\" \/>\n<meta property=\"og:type\" content=\"article\" \/>\n<meta property=\"og:title\" content=\"Unfall erfassen - ClassyMade GmbH\" \/>\n<meta property=\"og:description\" content=\"Hier erfahren Sie, wie Sie einen neuen Unfall erfassen k\u00f6nnen. 1. Klicken Sie auf &#8222;Unfall erfassen&#8220;. Sie gelangen hier\u00fcber zur Eingabemaske, um einen neuen Unfall anzulegen. 2. Hier k\u00f6nnen Sie nun die Unfalldaten eingeben. Neben allgemeinen Angaben zum\/zur Verletzten und dem Unfallhergang sowie anwesenden Zeugen&#8230; &#8230; als auch die Erste-Hilfe-Leistungen, die in die Wege geleitet ... Weiterlesen\" \/>\n<meta property=\"og:url\" content=\"https:\/\/help.classymade.de\/?page_id=74\" \/>\n<meta property=\"og:site_name\" content=\"ClassyMade GmbH\" \/>\n<meta property=\"article:modified_time\" content=\"2025-09-23T10:25:53+00:00\" \/>\n<meta property=\"og:image\" content=\"https:\/\/help.classymade.de\/wp-content\/uploads\/2025\/09\/Unfall-erfassen-logo.png\" \/>\n\t<meta property=\"og:image:width\" content=\"549\" \/>\n\t<meta property=\"og:image:height\" content=\"231\" \/>\n\t<meta property=\"og:image:type\" content=\"image\/png\" \/>\n<meta name=\"twitter:card\" content=\"summary_large_image\" \/>\n<meta name=\"twitter:label1\" content=\"Gesch\u00e4tzte Lesezeit\" \/>\n\t<meta name=\"twitter:data1\" content=\"2\u00a0Minuten\" \/>\n<script type=\"application\/ld+json\" class=\"yoast-schema-graph\">{\"@context\":\"https:\\\/\\\/schema.org\",\"@graph\":[{\"@type\":\"WebPage\",\"@id\":\"https:\\\/\\\/help.classymade.de\\\/?page_id=74\",\"url\":\"https:\\\/\\\/help.classymade.de\\\/?page_id=74\",\"name\":\"Unfall erfassen - ClassyMade GmbH\",\"isPartOf\":{\"@id\":\"https:\\\/\\\/help.classymade.de\\\/#website\"},\"primaryImageOfPage\":{\"@id\":\"https:\\\/\\\/help.classymade.de\\\/?page_id=74#primaryimage\"},\"image\":{\"@id\":\"https:\\\/\\\/help.classymade.de\\\/?page_id=74#primaryimage\"},\"thumbnailUrl\":\"https:\\\/\\\/help.classymade.de\\\/wp-content\\\/uploads\\\/2025\\\/09\\\/Unfall-erfassen-logo.png\",\"datePublished\":\"2025-08-27T10:53:26+00:00\",\"dateModified\":\"2025-09-23T10:25:53+00:00\",\"breadcrumb\":{\"@id\":\"https:\\\/\\\/help.classymade.de\\\/?page_id=74#breadcrumb\"},\"inLanguage\":\"de\",\"potentialAction\":[{\"@type\":\"ReadAction\",\"target\":[\"https:\\\/\\\/help.classymade.de\\\/?page_id=74\"]}]},{\"@type\":\"ImageObject\",\"inLanguage\":\"de\",\"@id\":\"https:\\\/\\\/help.classymade.de\\\/?page_id=74#primaryimage\",\"url\":\"https:\\\/\\\/help.classymade.de\\\/wp-content\\\/uploads\\\/2025\\\/09\\\/Unfall-erfassen-logo.png\",\"contentUrl\":\"https:\\\/\\\/help.classymade.de\\\/wp-content\\\/uploads\\\/2025\\\/09\\\/Unfall-erfassen-logo.png\",\"width\":549,\"height\":231},{\"@type\":\"BreadcrumbList\",\"@id\":\"https:\\\/\\\/help.classymade.de\\\/?page_id=74#breadcrumb\",\"itemListElement\":[{\"@type\":\"ListItem\",\"position\":1,\"name\":\"Startseite\",\"item\":\"https:\\\/\\\/help.classymade.de\\\/\"},{\"@type\":\"ListItem\",\"position\":2,\"name\":\"Unfall erfassen\"}]},{\"@type\":\"WebSite\",\"@id\":\"https:\\\/\\\/help.classymade.de\\\/#website\",\"url\":\"https:\\\/\\\/help.classymade.de\\\/\",\"name\":\"ClassyMade GmbH\",\"description\":\"Hilfecenter\",\"publisher\":{\"@id\":\"https:\\\/\\\/help.classymade.de\\\/#organization\"},\"potentialAction\":[{\"@type\":\"SearchAction\",\"target\":{\"@type\":\"EntryPoint\",\"urlTemplate\":\"https:\\\/\\\/help.classymade.de\\\/?s={search_term_string}\"},\"query-input\":{\"@type\":\"PropertyValueSpecification\",\"valueRequired\":true,\"valueName\":\"search_term_string\"}}],\"inLanguage\":\"de\"},{\"@type\":\"Organization\",\"@id\":\"https:\\\/\\\/help.classymade.de\\\/#organization\",\"name\":\"ClassyMade GmbH\",\"url\":\"https:\\\/\\\/help.classymade.de\\\/\",\"logo\":{\"@type\":\"ImageObject\",\"inLanguage\":\"de\",\"@id\":\"https:\\\/\\\/help.classymade.de\\\/#\\\/schema\\\/logo\\\/image\\\/\",\"url\":\"https:\\\/\\\/help.classymade.de\\\/wp-content\\\/uploads\\\/2025\\\/06\\\/Classymade-logo-quadrat-grau.png\",\"contentUrl\":\"https:\\\/\\\/help.classymade.de\\\/wp-content\\\/uploads\\\/2025\\\/06\\\/Classymade-logo-quadrat-grau.png\",\"width\":2000,\"height\":2000,\"caption\":\"ClassyMade GmbH\"},\"image\":{\"@id\":\"https:\\\/\\\/help.classymade.de\\\/#\\\/schema\\\/logo\\\/image\\\/\"}}]}<\/script>\n<!-- \/ Yoast SEO plugin. -->","yoast_head_json":{"title":"Unfall erfassen - ClassyMade GmbH","robots":{"index":"index","follow":"follow","max-snippet":"max-snippet:-1","max-image-preview":"max-image-preview:large","max-video-preview":"max-video-preview:-1"},"canonical":"https:\/\/help.classymade.de\/?page_id=74","og_locale":"de_DE","og_type":"article","og_title":"Unfall erfassen - ClassyMade GmbH","og_description":"Hier erfahren Sie, wie Sie einen neuen Unfall erfassen k\u00f6nnen. 1. Klicken Sie auf &#8222;Unfall erfassen&#8220;. Sie gelangen hier\u00fcber zur Eingabemaske, um einen neuen Unfall anzulegen. 2. Hier k\u00f6nnen Sie nun die Unfalldaten eingeben. Neben allgemeinen Angaben zum\/zur Verletzten und dem Unfallhergang sowie anwesenden Zeugen&#8230; &#8230; als auch die Erste-Hilfe-Leistungen, die in die Wege geleitet ... Weiterlesen","og_url":"https:\/\/help.classymade.de\/?page_id=74","og_site_name":"ClassyMade GmbH","article_modified_time":"2025-09-23T10:25:53+00:00","og_image":[{"width":549,"height":231,"url":"https:\/\/help.classymade.de\/wp-content\/uploads\/2025\/09\/Unfall-erfassen-logo.png","type":"image\/png"}],"twitter_card":"summary_large_image","twitter_misc":{"Gesch\u00e4tzte Lesezeit":"2\u00a0Minuten"},"schema":{"@context":"https:\/\/schema.org","@graph":[{"@type":"WebPage","@id":"https:\/\/help.classymade.de\/?page_id=74","url":"https:\/\/help.classymade.de\/?page_id=74","name":"Unfall erfassen - ClassyMade GmbH","isPartOf":{"@id":"https:\/\/help.classymade.de\/#website"},"primaryImageOfPage":{"@id":"https:\/\/help.classymade.de\/?page_id=74#primaryimage"},"image":{"@id":"https:\/\/help.classymade.de\/?page_id=74#primaryimage"},"thumbnailUrl":"https:\/\/help.classymade.de\/wp-content\/uploads\/2025\/09\/Unfall-erfassen-logo.png","datePublished":"2025-08-27T10:53:26+00:00","dateModified":"2025-09-23T10:25:53+00:00","breadcrumb":{"@id":"https:\/\/help.classymade.de\/?page_id=74#breadcrumb"},"inLanguage":"de","potentialAction":[{"@type":"ReadAction","target":["https:\/\/help.classymade.de\/?page_id=74"]}]},{"@type":"ImageObject","inLanguage":"de","@id":"https:\/\/help.classymade.de\/?page_id=74#primaryimage","url":"https:\/\/help.classymade.de\/wp-content\/uploads\/2025\/09\/Unfall-erfassen-logo.png","contentUrl":"https:\/\/help.classymade.de\/wp-content\/uploads\/2025\/09\/Unfall-erfassen-logo.png","width":549,"height":231},{"@type":"BreadcrumbList","@id":"https:\/\/help.classymade.de\/?page_id=74#breadcrumb","itemListElement":[{"@type":"ListItem","position":1,"name":"Startseite","item":"https:\/\/help.classymade.de\/"},{"@type":"ListItem","position":2,"name":"Unfall erfassen"}]},{"@type":"WebSite","@id":"https:\/\/help.classymade.de\/#website","url":"https:\/\/help.classymade.de\/","name":"ClassyMade GmbH","description":"Hilfecenter","publisher":{"@id":"https:\/\/help.classymade.de\/#organization"},"potentialAction":[{"@type":"SearchAction","target":{"@type":"EntryPoint","urlTemplate":"https:\/\/help.classymade.de\/?s={search_term_string}"},"query-input":{"@type":"PropertyValueSpecification","valueRequired":true,"valueName":"search_term_string"}}],"inLanguage":"de"},{"@type":"Organization","@id":"https:\/\/help.classymade.de\/#organization","name":"ClassyMade GmbH","url":"https:\/\/help.classymade.de\/","logo":{"@type":"ImageObject","inLanguage":"de","@id":"https:\/\/help.classymade.de\/#\/schema\/logo\/image\/","url":"https:\/\/help.classymade.de\/wp-content\/uploads\/2025\/06\/Classymade-logo-quadrat-grau.png","contentUrl":"https:\/\/help.classymade.de\/wp-content\/uploads\/2025\/06\/Classymade-logo-quadrat-grau.png","width":2000,"height":2000,"caption":"ClassyMade GmbH"},"image":{"@id":"https:\/\/help.classymade.de\/#\/schema\/logo\/image\/"}}]}},"_links":{"self":[{"href":"https:\/\/help.classymade.de\/index.php?rest_route=\/wp\/v2\/pages\/74","targetHints":{"allow":["GET"]}}],"collection":[{"href":"https:\/\/help.classymade.de\/index.php?rest_route=\/wp\/v2\/pages"}],"about":[{"href":"https:\/\/help.classymade.de\/index.php?rest_route=\/wp\/v2\/types\/page"}],"author":[{"embeddable":true,"href":"https:\/\/help.classymade.de\/index.php?rest_route=\/wp\/v2\/users\/2"}],"replies":[{"embeddable":true,"href":"https:\/\/help.classymade.de\/index.php?rest_route=%2Fwp%2Fv2%2Fcomments&post=74"}],"version-history":[{"count":31,"href":"https:\/\/help.classymade.de\/index.php?rest_route=\/wp\/v2\/pages\/74\/revisions"}],"predecessor-version":[{"id":1244,"href":"https:\/\/help.classymade.de\/index.php?rest_route=\/wp\/v2\/pages\/74\/revisions\/1244"}],"wp:attachment":[{"href":"https:\/\/help.classymade.de\/index.php?rest_route=%2Fwp%2Fv2%2Fmedia&parent=74"}],"curies":[{"name":"wp","href":"https:\/\/api.w.org\/{rel}","templated":true}]}}