{"id":808,"date":"2025-09-17T11:15:10","date_gmt":"2025-09-17T11:15:10","guid":{"rendered":"https:\/\/help.classymade.de\/?page_id=808"},"modified":"2025-09-17T11:18:37","modified_gmt":"2025-09-17T11:18:37","slug":"incident-response-plan","status":"publish","type":"page","link":"https:\/\/help.classymade.de\/?page_id=808","title":{"rendered":"Incident Response Plan"},"content":{"rendered":"\t\t<div data-elementor-type=\"wp-page\" data-elementor-id=\"808\" class=\"elementor elementor-808\" data-elementor-post-type=\"page\">\n\t\t\t\t<div class=\"elementor-element elementor-element-af4c26f e-flex e-con-boxed e-con e-parent\" data-id=\"af4c26f\" data-element_type=\"container\" data-e-type=\"container\">\n\t\t\t\t\t<div class=\"e-con-inner\">\n\t\t\t\t<div class=\"elementor-element elementor-element-fbc5960 elementor-widget elementor-widget-text-editor\" data-id=\"fbc5960\" data-element_type=\"widget\" data-e-type=\"widget\" data-widget_type=\"text-editor.default\">\n\t\t\t\t<div class=\"elementor-widget-container\">\n\t\t\t\t\t\t\t\t\t<h2 dir=\"auto\" data-sourcepos=\"1:1-1:71\"><a id=\"user-content-incident-response-plan-f\u00fcr-accidentsschool--das-unfallbuch\" class=\"anchor\" href=\"#incident-response-plan-f%C3%BCr-accidentsschool--das-unfallbuch\" target=\"_blank\" rel=\"nofollow noreferrer noopener\" aria-hidden=\"true\"><\/a>Incident-Response-Plan f\u00fcr \u201eAccidents@School \u2013 Das Unfallbuch\u201c<\/h2><p dir=\"auto\" data-sourcepos=\"3:1-4:38\"><strong data-sourcepos=\"3:1-3:21\">Verantwortlicher:<\/strong> ClassyMade GmbH, Zum Schwimmbad\u00a044,\u00a065232\u00a0Taunusstein<br data-sourcepos=\"3:79-3:80\" \/><strong data-sourcepos=\"4:1-4:12\">Version:<\/strong>\u00a01.0\u2003Datum:\u00a015.07.2025<\/p><hr data-sourcepos=\"6:1-6:3\" \/><h3 dir=\"auto\" data-sourcepos=\"8:1-8:32\"><a id=\"user-content-1-ziel-und-anwendungsbereich\" class=\"anchor\" href=\"#1-ziel-und-anwendungsbereich\" aria-hidden=\"true\"><\/a>1. Ziel und Anwendungsbereich<\/h3><p dir=\"auto\" data-sourcepos=\"10:1-10:174\">Dieser Incident-Response-Plan regelt die Erkennung, Meldung, Bewertung und Behebung von Sicherheits- und Datenschutzvorf\u00e4llen im Betrieb der Software \u201eAccidents@School\u201c.<\/p><h3 dir=\"auto\" data-sourcepos=\"12:1-12:18\"><a id=\"user-content-2-definitionen\" class=\"anchor\" href=\"#2-definitionen\" aria-hidden=\"true\"><\/a>2. Definitionen<\/h3><ul dir=\"auto\" data-sourcepos=\"14:1-16:0\"><li data-sourcepos=\"14:1-14:91\"><strong data-sourcepos=\"14:3-14:24\">Security Incident:<\/strong> Unbefugter Zugriff, Datenleaks, Systemausf\u00e4lle, Malware-Angriffe.<\/li><li data-sourcepos=\"15:1-16:0\"><strong data-sourcepos=\"15:3-15:23\">Privacy Incident:<\/strong> Verletzung personenbezogener Daten, unautorisierte Datenweitergabe, L\u00f6schfehler.<\/li><\/ul><h3 dir=\"auto\" data-sourcepos=\"17:1-17:37\"><a id=\"user-content-3-rollen-und-verantwortlichkeiten\" class=\"anchor\" href=\"#3-rollen-und-verantwortlichkeiten\" aria-hidden=\"true\"><\/a>3. Rollen und Verantwortlichkeiten<\/h3>\t\t\t\t\t\t\t\t<\/div>\n\t\t\t\t<\/div>\n\t\t\t\t\t<\/div>\n\t\t\t\t<\/div>\n\t\t<div class=\"elementor-element elementor-element-d9c714e e-grid e-con-boxed e-con e-parent\" data-id=\"d9c714e\" data-element_type=\"container\" data-e-type=\"container\">\n\t\t\t\t\t<div class=\"e-con-inner\">\n\t\t\t\t<div class=\"elementor-element elementor-element-d9e45a2 elementor-widget elementor-widget-text-editor\" data-id=\"d9e45a2\" data-element_type=\"widget\" data-e-type=\"widget\" data-widget_type=\"text-editor.default\">\n\t\t\t\t<div class=\"elementor-widget-container\">\n\t\t\t\t\t\t\t\t\t<h4><strong>Rolle<\/strong><\/h4>\t\t\t\t\t\t\t\t<\/div>\n\t\t\t\t<\/div>\n\t\t\t\t<div class=\"elementor-element elementor-element-4dff12d elementor-widget elementor-widget-text-editor\" data-id=\"4dff12d\" data-element_type=\"widget\" data-e-type=\"widget\" data-widget_type=\"text-editor.default\">\n\t\t\t\t<div class=\"elementor-widget-container\">\n\t\t\t\t\t\t\t\t\t<h4><strong>Aufgabe<\/strong><\/h4>\t\t\t\t\t\t\t\t<\/div>\n\t\t\t\t<\/div>\n\t\t\t\t<div class=\"elementor-element elementor-element-88de189 elementor-widget elementor-widget-text-editor\" data-id=\"88de189\" data-element_type=\"widget\" data-e-type=\"widget\" data-widget_type=\"text-editor.default\">\n\t\t\t\t<div class=\"elementor-widget-container\">\n\t\t\t\t\t\t\t\t\t<p>Incident-Response-Team<\/p>\t\t\t\t\t\t\t\t<\/div>\n\t\t\t\t<\/div>\n\t\t\t\t<div class=\"elementor-element elementor-element-c119461 elementor-widget elementor-widget-text-editor\" data-id=\"c119461\" data-element_type=\"widget\" data-e-type=\"widget\" data-widget_type=\"text-editor.default\">\n\t\t\t\t<div class=\"elementor-widget-container\">\n\t\t\t\t\t\t\t\t\t<p>Koordination, Analyse, Behebung von Vorf\u00e4llen<\/p>\t\t\t\t\t\t\t\t<\/div>\n\t\t\t\t<\/div>\n\t\t\t\t<div class=\"elementor-element elementor-element-6936f91 elementor-widget elementor-widget-text-editor\" data-id=\"6936f91\" data-element_type=\"widget\" data-e-type=\"widget\" data-widget_type=\"text-editor.default\">\n\t\t\t\t<div class=\"elementor-widget-container\">\n\t\t\t\t\t\t\t\t\t<p>IT-Administration<\/p>\t\t\t\t\t\t\t\t<\/div>\n\t\t\t\t<\/div>\n\t\t\t\t<div class=\"elementor-element elementor-element-b84c631 elementor-widget elementor-widget-text-editor\" data-id=\"b84c631\" data-element_type=\"widget\" data-e-type=\"widget\" data-widget_type=\"text-editor.default\">\n\t\t\t\t<div class=\"elementor-widget-container\">\n\t\t\t\t\t\t\t\t\t<p>Technische Identifikation und Erstma\u00dfnahmen<\/p>\t\t\t\t\t\t\t\t<\/div>\n\t\t\t\t<\/div>\n\t\t\t\t<div class=\"elementor-element elementor-element-b311187 elementor-widget elementor-widget-text-editor\" data-id=\"b311187\" data-element_type=\"widget\" data-e-type=\"widget\" data-widget_type=\"text-editor.default\">\n\t\t\t\t<div class=\"elementor-widget-container\">\n\t\t\t\t\t\t\t\t\t<p>Datenschutzbeauftragter<\/p>\t\t\t\t\t\t\t\t<\/div>\n\t\t\t\t<\/div>\n\t\t\t\t<div class=\"elementor-element elementor-element-6b640ec elementor-widget elementor-widget-text-editor\" data-id=\"6b640ec\" data-element_type=\"widget\" data-e-type=\"widget\" data-widget_type=\"text-editor.default\">\n\t\t\t\t<div class=\"elementor-widget-container\">\n\t\t\t\t\t\t\t\t\t<p>Rechtliche Bewertung, Meldung an Aufsichtsbeh\u00f6rde (Art.\u00a033 DSGVO)<\/p>\t\t\t\t\t\t\t\t<\/div>\n\t\t\t\t<\/div>\n\t\t\t\t<div class=\"elementor-element elementor-element-74da61e elementor-widget elementor-widget-text-editor\" data-id=\"74da61e\" data-element_type=\"widget\" data-e-type=\"widget\" data-widget_type=\"text-editor.default\">\n\t\t\t\t<div class=\"elementor-widget-container\">\n\t\t\t\t\t\t\t\t\t<p>Kommunikationsteam<\/p>\t\t\t\t\t\t\t\t<\/div>\n\t\t\t\t<\/div>\n\t\t\t\t<div class=\"elementor-element elementor-element-6d139be elementor-widget elementor-widget-text-editor\" data-id=\"6d139be\" data-element_type=\"widget\" data-e-type=\"widget\" data-widget_type=\"text-editor.default\">\n\t\t\t\t<div class=\"elementor-widget-container\">\n\t\t\t\t\t\t\t\t\t<p>Interne und externe Kommunikation (inkl. Incident-Alerts)<\/p>\t\t\t\t\t\t\t\t<\/div>\n\t\t\t\t<\/div>\n\t\t\t\t<div class=\"elementor-element elementor-element-e8efb4f elementor-widget elementor-widget-text-editor\" data-id=\"e8efb4f\" data-element_type=\"widget\" data-e-type=\"widget\" data-widget_type=\"text-editor.default\">\n\t\t\t\t<div class=\"elementor-widget-container\">\n\t\t\t\t\t\t\t\t\t<p>Gesch\u00e4ftsf\u00fchrung<\/p>\t\t\t\t\t\t\t\t<\/div>\n\t\t\t\t<\/div>\n\t\t\t\t<div class=\"elementor-element elementor-element-66e5604 elementor-widget elementor-widget-text-editor\" data-id=\"66e5604\" data-element_type=\"widget\" data-e-type=\"widget\" data-widget_type=\"text-editor.default\">\n\t\t\t\t<div class=\"elementor-widget-container\">\n\t\t\t\t\t\t\t\t\t<p>\u00a0Eskalation und Freigabe von Ressourcen<\/p>\t\t\t\t\t\t\t\t<\/div>\n\t\t\t\t<\/div>\n\t\t\t\t\t<\/div>\n\t\t\t\t<\/div>\n\t\t<div class=\"elementor-element elementor-element-f303a69 e-flex e-con-boxed e-con e-parent\" data-id=\"f303a69\" data-element_type=\"container\" data-e-type=\"container\">\n\t\t\t\t\t<div class=\"e-con-inner\">\n\t\t\t\t<div class=\"elementor-element elementor-element-71b9d50 elementor-widget elementor-widget-text-editor\" data-id=\"71b9d50\" data-element_type=\"widget\" data-e-type=\"widget\" data-widget_type=\"text-editor.default\">\n\t\t\t\t<div class=\"elementor-widget-container\">\n\t\t\t\t\t\t\t\t\t<h3 dir=\"auto\" data-sourcepos=\"27:1-27:24\"><a id=\"user-content-4-ablauf-bei-vorfall\" class=\"anchor\" href=\"#4-ablauf-bei-vorfall\" aria-hidden=\"true\"><\/a>4. Ablauf bei Vorfall<\/h3><ol dir=\"auto\" data-sourcepos=\"29:1-38:0\"><li data-sourcepos=\"29:1-29:131\"><strong data-sourcepos=\"29:4-29:27\">Erkennung &amp; Meldung:<\/strong> Jeder Mitarbeitende und Subprozessor meldet Vorf\u00e4lle sofort per E\u2011Mail an <a href=\"mailto:datenschutz@classymade.de\" data-sourcepos=\"29:106-29:130\">datenschutz@classymade.de<\/a>.<\/li><li data-sourcepos=\"30:1-30:98\"><strong data-sourcepos=\"30:4-30:21\">Erstbewertung:<\/strong> IT-Administration pr\u00fcft innerhalb von 1\u00a0Stunde Schweregrad (High\/Mid\/Low).<\/li><li data-sourcepos=\"31:1-31:105\"><strong data-sourcepos=\"31:4-31:32\">Containment &amp; Ma\u00dfnahmen:<\/strong> Tempor\u00e4re Isolierung betroffener Systeme, Zugangskontrolle verst\u00e4rken.<\/li><li data-sourcepos=\"32:1-32:77\"><strong data-sourcepos=\"32:4-32:26\">Analyse &amp; Forensik:<\/strong> Sammlung von Logs, Rekonstruktion des Ereignisses.<\/li><li data-sourcepos=\"33:1-35:115\"><strong data-sourcepos=\"33:4-33:24\">Benachrichtigung:<\/strong><ul data-sourcepos=\"34:4-35:115\"><li data-sourcepos=\"34:4-34:76\"><strong data-sourcepos=\"34:6-34:16\">Intern:<\/strong> Incident-Response-Team informiert Gesch\u00e4ftsf\u00fchrung &amp; DSB.<\/li><li data-sourcepos=\"35:4-35:115\"><strong data-sourcepos=\"35:6-35:17\">Externe:<\/strong> Bei personenbezogenen Daten Meldung an Aufsichtsbeh\u00f6rde innerhalb 72\u00a0Stunden (Art.\u00a033\u00a0DSGVO).<\/li><\/ul><\/li><li data-sourcepos=\"36:1-36:109\"><strong data-sourcepos=\"36:4-36:36\">Behebung &amp; Wiederherstellung:<\/strong> Patches einspielen, Zugangsdaten rotieren, Systeme wieder online nehmen.<\/li><li data-sourcepos=\"37:1-38:0\"><strong data-sourcepos=\"37:4-37:32\">Review &amp; Lessons Learned:<\/strong> Dokumentation, Sicherheitsverbesserungen, Training f\u00fcr Mitarbeitende.<\/li><\/ol><h3 dir=\"auto\" data-sourcepos=\"39:1-39:33\"><a id=\"user-content-5-dokumentation-und-reporting\" class=\"anchor\" href=\"#5-dokumentation-und-reporting\" aria-hidden=\"true\"><\/a>5. Dokumentation und Reporting<\/h3><ul dir=\"auto\" data-sourcepos=\"41:1-43:0\"><li data-sourcepos=\"41:1-41:117\">Jeder Vorfall wird in einem Incident-Report festgehalten (Datum, Beteiligte, Ursache, Ma\u00dfnahmen, Lessons Learned).<\/li><li data-sourcepos=\"42:1-43:0\">J\u00e4hrlicher Incident-Review-Workshop zur Optimierung der Prozesse.<\/li><\/ul><h2 dir=\"auto\" data-sourcepos=\"44:1-44:19\"><a id=\"user-content-6-kommunikation\" class=\"anchor\" href=\"#6-kommunikation\" aria-hidden=\"true\"><\/a>6. Kommunikation<\/h2><ul dir=\"auto\" data-sourcepos=\"46:1-48:0\"><li data-sourcepos=\"46:1-46:115\"><strong data-sourcepos=\"46:3-46:19\">Alert-Stufen:<\/strong> Low (nur intern), Medium (intern &amp; betroffene Schulen), High (Zus\u00e4tzlich externe Stakeholder).<\/li><li data-sourcepos=\"47:1-48:0\">Standardisierte Vorlagen f\u00fcr E-Mail-, In-App- und Pressekommunikation.<\/li><\/ul><h3 dir=\"auto\" data-sourcepos=\"49:1-49:29\"><a id=\"user-content-7-\u00fcberpr\u00fcfung-des-plans\" class=\"anchor\" href=\"#7-%C3%BCberpr%C3%BCfung-des-plans\" target=\"_blank\" rel=\"nofollow noreferrer noopener\" aria-hidden=\"true\"><\/a>7. \u00dcberpr\u00fcfung des Plans<\/h3><ul dir=\"auto\" data-sourcepos=\"51:1-53:0\"><li data-sourcepos=\"51:1-51:44\">Halbj\u00e4hrliche Tests (Tabletop-Exercises).<\/li><li data-sourcepos=\"52:1-53:0\">J\u00e4hrliche \u00dcberpr\u00fcfung und Aktualisierung des Plans.<\/li><\/ul>\t\t\t\t\t\t\t\t<\/div>\n\t\t\t\t<\/div>\n\t\t\t\t\t<\/div>\n\t\t\t\t<\/div>\n\t\t\t\t<\/div>\n\t\t","protected":false},"excerpt":{"rendered":"<p>Incident-Response-Plan f\u00fcr \u201eAccidents@School \u2013 Das Unfallbuch\u201c Verantwortlicher: ClassyMade GmbH, Zum Schwimmbad\u00a044,\u00a065232\u00a0TaunussteinVersion:\u00a01.0\u2003Datum:\u00a015.07.2025 1. Ziel und Anwendungsbereich Dieser Incident-Response-Plan regelt die Erkennung, Meldung, Bewertung und Behebung von Sicherheits- und Datenschutzvorf\u00e4llen im Betrieb der Software \u201eAccidents@School\u201c. 2. Definitionen Security Incident: Unbefugter Zugriff, Datenleaks, Systemausf\u00e4lle, Malware-Angriffe. Privacy Incident: Verletzung personenbezogener Daten, unautorisierte Datenweitergabe, L\u00f6schfehler. 3. Rollen und Verantwortlichkeiten Rolle &#8230; <a title=\"Incident Response Plan\" class=\"read-more\" href=\"https:\/\/help.classymade.de\/?page_id=808\" aria-label=\"Mehr Informationen \u00fcber Incident Response Plan\">Weiterlesen<\/a><\/p>\n","protected":false},"author":3,"featured_media":0,"parent":0,"menu_order":0,"comment_status":"closed","ping_status":"closed","template":"","meta":{"footnotes":""},"class_list":["post-808","page","type-page","status-publish"],"yoast_head":"<!-- This site is optimized with the Yoast SEO plugin v27.6 - https:\/\/yoast.com\/product\/yoast-seo-wordpress\/ -->\n<title>Incident Response Plan - ClassyMade GmbH<\/title>\n<meta name=\"robots\" content=\"index, follow, max-snippet:-1, max-image-preview:large, max-video-preview:-1\" \/>\n<link rel=\"canonical\" href=\"https:\/\/help.classymade.de\/?page_id=808\" \/>\n<meta property=\"og:locale\" content=\"de_DE\" \/>\n<meta property=\"og:type\" content=\"article\" \/>\n<meta property=\"og:title\" content=\"Incident Response Plan - ClassyMade GmbH\" \/>\n<meta property=\"og:description\" content=\"Incident-Response-Plan f\u00fcr \u201eAccidents@School \u2013 Das Unfallbuch\u201c Verantwortlicher: ClassyMade GmbH, Zum Schwimmbad\u00a044,\u00a065232\u00a0TaunussteinVersion:\u00a01.0\u2003Datum:\u00a015.07.2025 1. Ziel und Anwendungsbereich Dieser Incident-Response-Plan regelt die Erkennung, Meldung, Bewertung und Behebung von Sicherheits- und Datenschutzvorf\u00e4llen im Betrieb der Software \u201eAccidents@School\u201c. 2. Definitionen Security Incident: Unbefugter Zugriff, Datenleaks, Systemausf\u00e4lle, Malware-Angriffe. Privacy Incident: Verletzung personenbezogener Daten, unautorisierte Datenweitergabe, L\u00f6schfehler. 3. Rollen und Verantwortlichkeiten Rolle ... Weiterlesen\" \/>\n<meta property=\"og:url\" content=\"https:\/\/help.classymade.de\/?page_id=808\" \/>\n<meta property=\"og:site_name\" content=\"ClassyMade GmbH\" \/>\n<meta property=\"article:modified_time\" content=\"2025-09-17T11:18:37+00:00\" \/>\n<meta name=\"twitter:card\" content=\"summary_large_image\" \/>\n<meta name=\"twitter:label1\" content=\"Gesch\u00e4tzte Lesezeit\" \/>\n\t<meta name=\"twitter:data1\" content=\"2\u00a0Minuten\" \/>\n<script type=\"application\/ld+json\" class=\"yoast-schema-graph\">{\"@context\":\"https:\\\/\\\/schema.org\",\"@graph\":[{\"@type\":\"WebPage\",\"@id\":\"https:\\\/\\\/help.classymade.de\\\/?page_id=808\",\"url\":\"https:\\\/\\\/help.classymade.de\\\/?page_id=808\",\"name\":\"Incident Response Plan - ClassyMade GmbH\",\"isPartOf\":{\"@id\":\"https:\\\/\\\/help.classymade.de\\\/#website\"},\"datePublished\":\"2025-09-17T11:15:10+00:00\",\"dateModified\":\"2025-09-17T11:18:37+00:00\",\"breadcrumb\":{\"@id\":\"https:\\\/\\\/help.classymade.de\\\/?page_id=808#breadcrumb\"},\"inLanguage\":\"de\",\"potentialAction\":[{\"@type\":\"ReadAction\",\"target\":[\"https:\\\/\\\/help.classymade.de\\\/?page_id=808\"]}]},{\"@type\":\"BreadcrumbList\",\"@id\":\"https:\\\/\\\/help.classymade.de\\\/?page_id=808#breadcrumb\",\"itemListElement\":[{\"@type\":\"ListItem\",\"position\":1,\"name\":\"Startseite\",\"item\":\"https:\\\/\\\/help.classymade.de\\\/\"},{\"@type\":\"ListItem\",\"position\":2,\"name\":\"Incident Response Plan\"}]},{\"@type\":\"WebSite\",\"@id\":\"https:\\\/\\\/help.classymade.de\\\/#website\",\"url\":\"https:\\\/\\\/help.classymade.de\\\/\",\"name\":\"ClassyMade GmbH\",\"description\":\"Hilfecenter\",\"publisher\":{\"@id\":\"https:\\\/\\\/help.classymade.de\\\/#organization\"},\"potentialAction\":[{\"@type\":\"SearchAction\",\"target\":{\"@type\":\"EntryPoint\",\"urlTemplate\":\"https:\\\/\\\/help.classymade.de\\\/?s={search_term_string}\"},\"query-input\":{\"@type\":\"PropertyValueSpecification\",\"valueRequired\":true,\"valueName\":\"search_term_string\"}}],\"inLanguage\":\"de\"},{\"@type\":\"Organization\",\"@id\":\"https:\\\/\\\/help.classymade.de\\\/#organization\",\"name\":\"ClassyMade GmbH\",\"url\":\"https:\\\/\\\/help.classymade.de\\\/\",\"logo\":{\"@type\":\"ImageObject\",\"inLanguage\":\"de\",\"@id\":\"https:\\\/\\\/help.classymade.de\\\/#\\\/schema\\\/logo\\\/image\\\/\",\"url\":\"https:\\\/\\\/help.classymade.de\\\/wp-content\\\/uploads\\\/2025\\\/06\\\/Classymade-logo-quadrat-grau.png\",\"contentUrl\":\"https:\\\/\\\/help.classymade.de\\\/wp-content\\\/uploads\\\/2025\\\/06\\\/Classymade-logo-quadrat-grau.png\",\"width\":2000,\"height\":2000,\"caption\":\"ClassyMade GmbH\"},\"image\":{\"@id\":\"https:\\\/\\\/help.classymade.de\\\/#\\\/schema\\\/logo\\\/image\\\/\"}}]}<\/script>\n<!-- \/ Yoast SEO plugin. -->","yoast_head_json":{"title":"Incident Response Plan - ClassyMade GmbH","robots":{"index":"index","follow":"follow","max-snippet":"max-snippet:-1","max-image-preview":"max-image-preview:large","max-video-preview":"max-video-preview:-1"},"canonical":"https:\/\/help.classymade.de\/?page_id=808","og_locale":"de_DE","og_type":"article","og_title":"Incident Response Plan - ClassyMade GmbH","og_description":"Incident-Response-Plan f\u00fcr \u201eAccidents@School \u2013 Das Unfallbuch\u201c Verantwortlicher: ClassyMade GmbH, Zum Schwimmbad\u00a044,\u00a065232\u00a0TaunussteinVersion:\u00a01.0\u2003Datum:\u00a015.07.2025 1. Ziel und Anwendungsbereich Dieser Incident-Response-Plan regelt die Erkennung, Meldung, Bewertung und Behebung von Sicherheits- und Datenschutzvorf\u00e4llen im Betrieb der Software \u201eAccidents@School\u201c. 2. Definitionen Security Incident: Unbefugter Zugriff, Datenleaks, Systemausf\u00e4lle, Malware-Angriffe. Privacy Incident: Verletzung personenbezogener Daten, unautorisierte Datenweitergabe, L\u00f6schfehler. 3. Rollen und Verantwortlichkeiten Rolle ... Weiterlesen","og_url":"https:\/\/help.classymade.de\/?page_id=808","og_site_name":"ClassyMade GmbH","article_modified_time":"2025-09-17T11:18:37+00:00","twitter_card":"summary_large_image","twitter_misc":{"Gesch\u00e4tzte Lesezeit":"2\u00a0Minuten"},"schema":{"@context":"https:\/\/schema.org","@graph":[{"@type":"WebPage","@id":"https:\/\/help.classymade.de\/?page_id=808","url":"https:\/\/help.classymade.de\/?page_id=808","name":"Incident Response Plan - ClassyMade GmbH","isPartOf":{"@id":"https:\/\/help.classymade.de\/#website"},"datePublished":"2025-09-17T11:15:10+00:00","dateModified":"2025-09-17T11:18:37+00:00","breadcrumb":{"@id":"https:\/\/help.classymade.de\/?page_id=808#breadcrumb"},"inLanguage":"de","potentialAction":[{"@type":"ReadAction","target":["https:\/\/help.classymade.de\/?page_id=808"]}]},{"@type":"BreadcrumbList","@id":"https:\/\/help.classymade.de\/?page_id=808#breadcrumb","itemListElement":[{"@type":"ListItem","position":1,"name":"Startseite","item":"https:\/\/help.classymade.de\/"},{"@type":"ListItem","position":2,"name":"Incident Response Plan"}]},{"@type":"WebSite","@id":"https:\/\/help.classymade.de\/#website","url":"https:\/\/help.classymade.de\/","name":"ClassyMade GmbH","description":"Hilfecenter","publisher":{"@id":"https:\/\/help.classymade.de\/#organization"},"potentialAction":[{"@type":"SearchAction","target":{"@type":"EntryPoint","urlTemplate":"https:\/\/help.classymade.de\/?s={search_term_string}"},"query-input":{"@type":"PropertyValueSpecification","valueRequired":true,"valueName":"search_term_string"}}],"inLanguage":"de"},{"@type":"Organization","@id":"https:\/\/help.classymade.de\/#organization","name":"ClassyMade GmbH","url":"https:\/\/help.classymade.de\/","logo":{"@type":"ImageObject","inLanguage":"de","@id":"https:\/\/help.classymade.de\/#\/schema\/logo\/image\/","url":"https:\/\/help.classymade.de\/wp-content\/uploads\/2025\/06\/Classymade-logo-quadrat-grau.png","contentUrl":"https:\/\/help.classymade.de\/wp-content\/uploads\/2025\/06\/Classymade-logo-quadrat-grau.png","width":2000,"height":2000,"caption":"ClassyMade GmbH"},"image":{"@id":"https:\/\/help.classymade.de\/#\/schema\/logo\/image\/"}}]}},"_links":{"self":[{"href":"https:\/\/help.classymade.de\/index.php?rest_route=\/wp\/v2\/pages\/808","targetHints":{"allow":["GET"]}}],"collection":[{"href":"https:\/\/help.classymade.de\/index.php?rest_route=\/wp\/v2\/pages"}],"about":[{"href":"https:\/\/help.classymade.de\/index.php?rest_route=\/wp\/v2\/types\/page"}],"author":[{"embeddable":true,"href":"https:\/\/help.classymade.de\/index.php?rest_route=\/wp\/v2\/users\/3"}],"replies":[{"embeddable":true,"href":"https:\/\/help.classymade.de\/index.php?rest_route=%2Fwp%2Fv2%2Fcomments&post=808"}],"version-history":[{"count":7,"href":"https:\/\/help.classymade.de\/index.php?rest_route=\/wp\/v2\/pages\/808\/revisions"}],"predecessor-version":[{"id":815,"href":"https:\/\/help.classymade.de\/index.php?rest_route=\/wp\/v2\/pages\/808\/revisions\/815"}],"wp:attachment":[{"href":"https:\/\/help.classymade.de\/index.php?rest_route=%2Fwp%2Fv2%2Fmedia&parent=808"}],"curies":[{"name":"wp","href":"https:\/\/api.w.org\/{rel}","templated":true}]}}